Last updated on 2025-04-30 04:50:07 CEST.
Flavor | Version | Tinstall | Tcheck | Ttotal | Status | Flags |
---|---|---|---|---|---|---|
r-devel-linux-x86_64-debian-clang | 1.6.1 | 30.89 | 240.62 | 271.51 | NOTE | |
r-devel-linux-x86_64-debian-gcc | 1.6.1 | 19.54 | 158.30 | 177.84 | OK | |
r-devel-linux-x86_64-fedora-clang | 1.6.1 | 425.66 | OK | |||
r-devel-linux-x86_64-fedora-gcc | 1.6.1 | 404.57 | OK | |||
r-devel-windows-x86_64 | 1.6.1 | 27.00 | 192.00 | 219.00 | OK | |
r-patched-linux-x86_64 | 1.6.1 | 26.46 | 226.84 | 253.30 | OK | |
r-release-linux-x86_64 | 1.6.1 | 26.72 | 214.66 | 241.38 | OK | |
r-release-macos-arm64 | 1.6.1 | 99.00 | OK | |||
r-release-macos-x86_64 | 1.6.1 | 208.00 | OK | |||
r-release-windows-x86_64 | 1.6.1 | 27.00 | 185.00 | 212.00 | OK | |
r-oldrel-macos-arm64 | 1.6.1 | 101.00 | OK | |||
r-oldrel-macos-x86_64 | 1.6.1 | 247.00 | OK | |||
r-oldrel-windows-x86_64 | 1.6.1 | 35.00 | 248.00 | 283.00 | OK |
Version: 1.6.1
Check: examples
Result: NOTE
Examples with CPU (user + system) or elapsed time > 5s
user system elapsed
getGradients 6.331 0.237 8.756
Flavor: r-devel-linux-x86_64-debian-clang