Last updated on 2025-04-30 04:50:07 CEST.
Flavor | Version | Tinstall | Tcheck | Ttotal | Status | Flags |
---|---|---|---|---|---|---|
r-devel-linux-x86_64-debian-clang | 0.2 | 351.78 | 108.67 | 460.45 | OK | |
r-devel-linux-x86_64-debian-gcc | 0.2 | 353.33 | 105.93 | 459.26 | OK | |
r-devel-linux-x86_64-fedora-clang | 0.2 | 733.57 | OK | |||
r-devel-linux-x86_64-fedora-gcc | 0.2 | 1036.39 | OK | |||
r-devel-windows-x86_64 | 0.2 | 429.00 | 168.00 | 597.00 | OK | |
r-patched-linux-x86_64 | 0.2 | 451.60 | 143.57 | 595.17 | OK | |
r-release-linux-x86_64 | 0.2 | 456.79 | 137.99 | 594.78 | OK | |
r-release-macos-arm64 | 0.2 | 187.00 | OK | |||
r-release-macos-x86_64 | 0.2 | 200.00 | OK | |||
r-release-windows-x86_64 | 0.2 | 420.00 | 167.00 | 587.00 | OK | |
r-oldrel-macos-arm64 | 0.2 | 104.00 | NOTE | |||
r-oldrel-macos-x86_64 | 0.2 | 104.00 | NOTE | |||
r-oldrel-windows-x86_64 | 0.2 | 471.00 | 196.00 | 667.00 | NOTE |
Version: 0.2
Check: installed package size
Result: NOTE
installed size is 59.8Mb
sub-directories of 1Mb or more:
libs 59.6Mb
Flavors: r-oldrel-macos-arm64, r-oldrel-macos-x86_64
Version: 0.2
Check: for GNU extensions in Makefiles
Result: NOTE
GNU make is a SystemRequirements.
Flavors: r-oldrel-macos-arm64, r-oldrel-macos-x86_64, r-oldrel-windows-x86_64