Last updated on 2025-04-30 04:50:07 CEST.
Flavor | Version | Tinstall | Tcheck | Ttotal | Status | Flags |
---|---|---|---|---|---|---|
r-devel-linux-x86_64-debian-clang | 0.1.4 | 4.42 | 43.13 | 47.55 | NOTE | |
r-devel-linux-x86_64-debian-gcc | 0.1.4 | 2.85 | 32.27 | 35.12 | NOTE | |
r-devel-linux-x86_64-fedora-clang | 0.1.4 | 64.37 | OK | |||
r-devel-linux-x86_64-fedora-gcc | 0.1.4 | 76.58 | OK | |||
r-devel-windows-x86_64 | 0.1.4 | 6.00 | 69.00 | 75.00 | OK | |
r-patched-linux-x86_64 | 0.1.4 | 4.22 | 40.24 | 44.46 | OK | |
r-release-linux-x86_64 | 0.1.4 | 4.29 | 39.83 | 44.12 | OK | |
r-release-macos-arm64 | 0.1.4 | 43.00 | OK | |||
r-release-macos-x86_64 | 0.1.4 | 52.00 | OK | |||
r-release-windows-x86_64 | 0.1.4 | 7.00 | 63.00 | 70.00 | OK | |
r-oldrel-macos-arm64 | 0.1.4 | 31.00 | OK | |||
r-oldrel-macos-x86_64 | 0.1.4 | 43.00 | OK | |||
r-oldrel-windows-x86_64 | 0.1.4 | 7.00 | 74.00 | 81.00 | OK |
Version: 0.1.4
Check: CRAN incoming feasibility
Result: NOTE
Maintainer: ‘Sagiru Mati <smati@smati.com.ng>’
Package CITATION file contains call(s) to old-style citEntry(). Please
use bibentry() instead.
Flavors: r-devel-linux-x86_64-debian-clang, r-devel-linux-x86_64-debian-gcc