Last updated on 2025-04-30 04:50:07 CEST.
Flavor | Version | Tinstall | Tcheck | Ttotal | Status | Flags |
---|---|---|---|---|---|---|
r-devel-linux-x86_64-debian-clang | 1.9 | 2.39 | 24.98 | 27.37 | NOTE | |
r-devel-linux-x86_64-debian-gcc | 1.9 | 2.04 | 20.12 | 22.16 | NOTE | |
r-devel-linux-x86_64-fedora-clang | 1.9 | 41.24 | OK | |||
r-devel-linux-x86_64-fedora-gcc | 1.9 | 54.40 | OK | |||
r-devel-windows-x86_64 | 1.9 | 5.00 | 54.00 | 59.00 | OK | |
r-patched-linux-x86_64 | 1.9 | 2.38 | 22.58 | 24.96 | OK | |
r-release-linux-x86_64 | 1.9 | 2.73 | 22.22 | 24.95 | OK | |
r-release-macos-arm64 | 1.9 | 22.00 | OK | |||
r-release-macos-x86_64 | 1.9 | 39.00 | OK | |||
r-release-windows-x86_64 | 1.9 | 5.00 | 48.00 | 53.00 | OK | |
r-oldrel-macos-arm64 | 1.9 | 22.00 | OK | |||
r-oldrel-macos-x86_64 | 1.9 | 33.00 | OK | |||
r-oldrel-windows-x86_64 | 1.9 | 4.00 | 48.00 | 52.00 | OK |
Version: 1.9
Check: CRAN incoming feasibility
Result: NOTE
Maintainer: ‘Nan Xiao <me@nanx.me>’
Found the following (possibly) invalid file URIs:
URI: CONTRIBUTING.md
From: README.md
URI: CONDUCT.md
From: README.md
Flavors: r-devel-linux-x86_64-debian-clang, r-devel-linux-x86_64-debian-gcc