CRAN Package Check Results for Package grf

Last updated on 2025-04-30 04:50:07 CEST.

Flavor Version Tinstall Tcheck Ttotal Status Flags
r-devel-linux-x86_64-debian-clang 2.4.0 282.59 80.52 363.11 OK
r-devel-linux-x86_64-debian-gcc 2.4.0 193.85 68.55 262.40 OK
r-devel-linux-x86_64-fedora-clang 2.4.0 715.81 OK
r-devel-linux-x86_64-fedora-gcc 2.4.0 652.96 OK
r-devel-windows-x86_64 2.4.0 321.00 139.00 460.00 OK
r-patched-linux-x86_64 2.4.0 264.67 91.85 356.52 OK
r-release-linux-x86_64 2.4.0 269.84 90.26 360.10 OK
r-release-macos-arm64 2.4.0 166.00 OK
r-release-macos-x86_64 2.4.0 148.00 OK
r-release-windows-x86_64 2.4.0 321.00 153.00 474.00 OK
r-oldrel-macos-arm64 2.4.0 254.00 NOTE
r-oldrel-macos-x86_64 2.4.0 257.00 NOTE
r-oldrel-windows-x86_64 2.4.0 351.00 168.00 519.00 NOTE

Check Details

Version: 2.4.0
Check: installed package size
Result: NOTE installed size is 39.0Mb sub-directories of 1Mb or more: libs 38.5Mb Flavors: r-oldrel-macos-arm64, r-oldrel-macos-x86_64

Version: 2.4.0
Check: for GNU extensions in Makefiles
Result: NOTE GNU make is a SystemRequirements. Flavors: r-oldrel-macos-arm64, r-oldrel-macos-x86_64, r-oldrel-windows-x86_64