Last updated on 2025-02-22 05:51:37 CET.
Flavor | Version | Tinstall | Tcheck | Ttotal | Status | Flags |
---|---|---|---|---|---|---|
r-devel-linux-x86_64-debian-clang | 0.3-1 | 3.79 | 35.60 | 39.39 | NOTE | |
r-devel-linux-x86_64-debian-gcc | 0.3-1 | 0.28 | 1.34 | 1.62 | ERROR | |
r-devel-linux-x86_64-fedora-clang | 0.3-1 | 61.86 | OK | |||
r-devel-linux-x86_64-fedora-gcc | 0.3-1 | 59.90 | OK | |||
r-devel-macos-arm64 | 0.3-1 | 21.00 | OK | |||
r-devel-macos-x86_64 | 0.3-1 | 36.00 | OK | |||
r-devel-windows-x86_64 | 0.3-1 | 5.00 | 57.00 | 62.00 | NOTE | |
r-patched-linux-x86_64 | 0.3-1 | 5.59 | 33.19 | 38.78 | OK | |
r-release-linux-x86_64 | 0.3-1 | 3.73 | 32.85 | 36.58 | OK | |
r-release-macos-arm64 | 0.3-1 | 20.00 | OK | |||
r-release-macos-x86_64 | 0.3-1 | 35.00 | OK | |||
r-release-windows-x86_64 | 0.3-1 | 5.00 | 53.00 | 58.00 | OK | |
r-oldrel-macos-arm64 | 0.3-1 | 21.00 | OK | |||
r-oldrel-macos-x86_64 | 0.3-1 | 38.00 | OK | |||
r-oldrel-windows-x86_64 | 0.3-1 | 5.00 | 60.00 | 65.00 | OK |
Version: 0.3-1
Check: Rd cross-references
Result: NOTE
Found the following Rd file(s) with Rd \link{} targets missing package
anchors:
agopenTrue.Rd: agopen
graphWidth.Rd: Ragraph
Please provide package anchors for all Rd \link{} targets not in the
package itself and the base packages.
Flavors: r-devel-linux-x86_64-debian-clang, r-devel-windows-x86_64
Version: 0.3-1
Check: package dependencies
Result: ERROR
Package required but not available: ‘Rgraphviz’
See section ‘The DESCRIPTION file’ in the ‘Writing R Extensions’
manual.
Flavor: r-devel-linux-x86_64-debian-gcc