Last updated on 2025-04-30 04:50:07 CEST.
Flavor | Version | Tinstall | Tcheck | Ttotal | Status | Flags |
---|---|---|---|---|---|---|
r-devel-linux-x86_64-debian-clang | 0.2.20 | 2.93 | 31.18 | 34.11 | NOTE | |
r-devel-linux-x86_64-debian-gcc | 0.2.20 | 2.29 | 25.00 | 27.29 | NOTE | |
r-devel-linux-x86_64-fedora-clang | 0.2.20 | 55.15 | NOTE | |||
r-devel-linux-x86_64-fedora-gcc | 0.2.20 | 66.36 | NOTE | |||
r-devel-windows-x86_64 | 0.2.20 | 5.00 | 55.00 | 60.00 | OK | |
r-patched-linux-x86_64 | 0.2.20 | 3.37 | 30.35 | 33.72 | OK | |
r-release-linux-x86_64 | 0.2.20 | 2.50 | 31.07 | 33.57 | OK | |
r-release-macos-arm64 | 0.2.20 | 47.00 | OK | |||
r-release-macos-x86_64 | 0.2.20 | 55.00 | OK | |||
r-release-windows-x86_64 | 0.2.20 | 5.00 | 53.00 | 58.00 | OK | |
r-oldrel-macos-arm64 | 0.2.20 | 26.00 | NOTE | |||
r-oldrel-macos-x86_64 | 0.2.20 | 40.00 | NOTE | |||
r-oldrel-windows-x86_64 | 0.2.20 | 6.00 | 57.00 | 63.00 | NOTE |
Version: 0.2.20
Check: CRAN incoming feasibility
Result: NOTE
Maintainer: ‘Jader Lugon Junior <jlugonjr@gmail.com>’
No Authors@R field in DESCRIPTION.
Please add one, modifying
Authors@R: c(person(given = c("Jader", "Lugon"),
family = "Junior",
role = c("aut", "cre"),
email = "jlugonjr@gmail.com"),
person(given = c("Antonio", "Jose", "da", "Silva"),
family = "Neto",
role = "aut"))
as necessary.
Flavors: r-devel-linux-x86_64-debian-clang, r-devel-linux-x86_64-debian-gcc
Version: 0.2.20
Check: dependencies in R code
Result: NOTE
Namespace in Imports field not imported from: ‘usethis’
All declared Imports should be used.
Flavors: r-devel-linux-x86_64-fedora-clang, r-devel-linux-x86_64-fedora-gcc
Version: 0.2.20
Check: LazyData
Result: NOTE
'LazyData' is specified without a 'data' directory
Flavors: r-oldrel-macos-arm64, r-oldrel-macos-x86_64, r-oldrel-windows-x86_64