Last updated on 2025-04-30 04:50:07 CEST.
Flavor | Version | Tinstall | Tcheck | Ttotal | Status | Flags |
---|---|---|---|---|---|---|
r-devel-linux-x86_64-debian-clang | 0.1.0 | 5.10 | 91.17 | 96.27 | NOTE | |
r-devel-linux-x86_64-debian-gcc | 0.1.0 | 3.25 | 57.32 | 60.57 | OK | |
r-devel-linux-x86_64-fedora-clang | 0.1.0 | 159.06 | NOTE | |||
r-devel-linux-x86_64-fedora-gcc | 0.1.0 | 150.27 | NOTE | |||
r-devel-windows-x86_64 | 0.1.0 | 6.00 | 106.00 | 112.00 | OK | |
r-patched-linux-x86_64 | 0.1.0 | 5.42 | 87.13 | 92.55 | OK | |
r-release-linux-x86_64 | 0.1.0 | 4.60 | 87.12 | 91.72 | OK | |
r-release-macos-arm64 | 0.1.0 | 40.00 | OK | |||
r-release-macos-x86_64 | 0.1.0 | 89.00 | OK | |||
r-release-windows-x86_64 | 0.1.0 | 7.00 | 108.00 | 115.00 | OK | |
r-oldrel-macos-arm64 | 0.1.0 | 38.00 | OK | |||
r-oldrel-macos-x86_64 | 0.1.0 | 71.00 | OK | |||
r-oldrel-windows-x86_64 | 0.1.0 | 8.00 | 128.00 | 136.00 | OK |
Version: 0.1.0
Check: examples
Result: NOTE
Examples with CPU (user + system) or elapsed time > 5s
user system elapsed
dyldDBCD_Bin 7.340 0.016 8.688
Group.DBCD_Bin 6.112 0.031 7.261
Group.dyldDBCD_Cont 6.027 0.031 6.813
DBCD_Cont 5.426 0.024 6.753
DBCD_bin 4.815 0.019 5.856
dyldDBCD_Cont 4.806 0.004 5.521
Flavor: r-devel-linux-x86_64-debian-clang
Version: 0.1.0
Check: dependencies in R code
Result: NOTE
Namespaces in Imports field not imported from:
‘ggplot2’ ‘gridExtra’ ‘methods’ ‘tidyr’
All declared Imports should be used.
Flavors: r-devel-linux-x86_64-fedora-clang, r-devel-linux-x86_64-fedora-gcc