Last updated on 2025-04-30 04:50:07 CEST.
Flavor | Version | Tinstall | Tcheck | Ttotal | Status | Flags |
---|---|---|---|---|---|---|
r-devel-linux-x86_64-debian-clang | 1.3.0 | 12.56 | 69.79 | 82.35 | NOTE | |
r-devel-linux-x86_64-debian-gcc | 1.3.0 | 7.21 | 49.59 | 56.80 | OK | |
r-devel-linux-x86_64-fedora-clang | 1.3.0 | 125.72 | OK | |||
r-devel-linux-x86_64-fedora-gcc | 1.3.0 | 131.85 | OK | |||
r-devel-windows-x86_64 | 1.3.0 | 14.00 | 99.00 | 113.00 | OK | |
r-patched-linux-x86_64 | 1.3.0 | 12.23 | 65.55 | 77.78 | OK | |
r-release-linux-x86_64 | 1.3.0 | 11.58 | 66.18 | 77.76 | OK | |
r-release-macos-arm64 | 1.3.0 | 54.00 | OK | |||
r-release-macos-x86_64 | 1.3.0 | 94.00 | OK | |||
r-release-windows-x86_64 | 1.3.0 | 13.00 | 112.00 | 125.00 | OK | |
r-oldrel-macos-arm64 | 1.3.0 | 47.00 | OK | |||
r-oldrel-macos-x86_64 | 1.3.0 | 96.00 | OK | |||
r-oldrel-windows-x86_64 | 1.3.0 | 15.00 | 113.00 | 128.00 | OK |
Version: 1.3.0
Check: examples
Result: NOTE
Examples with CPU (user + system) or elapsed time > 5s
user system elapsed
growR_run_loop 4.673 0.045 6.607
Flavor: r-devel-linux-x86_64-debian-clang