Last updated on 2025-04-30 04:50:07 CEST.
Flavor | Version | Tinstall | Tcheck | Ttotal | Status | Flags |
---|---|---|---|---|---|---|
r-devel-linux-x86_64-debian-clang | 3.1.11 | 22.49 | 209.90 | 232.39 | NOTE | |
r-devel-linux-x86_64-debian-gcc | 3.1.11 | 16.50 | 140.77 | 157.27 | NOTE | |
r-devel-linux-x86_64-fedora-clang | 3.1.11 | 384.01 | OK | |||
r-devel-linux-x86_64-fedora-gcc | 3.1.11 | 369.79 | OK | |||
r-devel-windows-x86_64 | 3.1.11 | 26.00 | 215.00 | 241.00 | OK | |
r-patched-linux-x86_64 | 3.1.11 | 27.19 | 197.29 | 224.48 | OK | |
r-release-linux-x86_64 | 3.1.11 | 21.61 | 194.11 | 215.72 | OK | |
r-release-macos-arm64 | 3.1.11 | 88.00 | OK | |||
r-release-macos-x86_64 | 3.1.11 | 146.00 | OK | |||
r-release-windows-x86_64 | 3.1.11 | 24.00 | 205.00 | 229.00 | OK | |
r-oldrel-macos-arm64 | 3.1.11 | 89.00 | OK | |||
r-oldrel-macos-x86_64 | 3.1.11 | 149.00 | OK | |||
r-oldrel-windows-x86_64 | 3.1.11 | 29.00 | 276.00 | 305.00 | OK |
Version: 3.1.11
Check: examples
Result: NOTE
Examples with CPU (user + system) or elapsed time > 5s
user system elapsed
traitSmooth 8.159 0.072 11.035
probeSmooths 5.358 0.140 7.048
Flavor: r-devel-linux-x86_64-debian-clang
Version: 3.1.11
Check: examples
Result: NOTE
Examples with CPU (user + system) or elapsed time > 5s
user system elapsed
traitSmooth 5.044 0.079 5.806
Flavor: r-devel-linux-x86_64-debian-gcc