CRAN Package Check Results for Package growthmodels

Last updated on 2025-04-30 04:50:07 CEST.

Flavor Version Tinstall Tcheck Ttotal Status Flags
r-devel-linux-x86_64-debian-clang 1.3.1 1.92 21.44 23.36 NOTE
r-devel-linux-x86_64-debian-gcc 1.3.1 1.48 17.56 19.04 NOTE
r-devel-linux-x86_64-fedora-clang 1.3.1 36.20 OK
r-devel-linux-x86_64-fedora-gcc 1.3.1 34.39 OK
r-devel-windows-x86_64 1.3.1 3.00 46.00 49.00 OK
r-patched-linux-x86_64 1.3.1 1.93 20.66 22.59 OK
r-release-linux-x86_64 1.3.1 1.98 20.72 22.70 OK
r-release-macos-arm64 1.3.1 16.00 OK
r-release-macos-x86_64 1.3.1 27.00 OK
r-release-windows-x86_64 1.3.1 4.00 46.00 50.00 OK
r-oldrel-macos-arm64 1.3.1 15.00 OK
r-oldrel-macos-x86_64 1.3.1 23.00 OK
r-oldrel-windows-x86_64 1.3.1 3.00 48.00 51.00 OK

Check Details

Version: 1.3.1
Check: CRAN incoming feasibility
Result: NOTE Maintainer: ‘Daniel Rodriguez <daniel.rodriguez.perez@gmail.com>’ No Authors@R field in DESCRIPTION. Please add one, modifying Authors@R: person(given = "Daniel", family = "Rodriguez", role = c("aut", "cre"), email = "daniel.rodriguez.perez@gmail.com") as necessary. Flavors: r-devel-linux-x86_64-debian-clang, r-devel-linux-x86_64-debian-gcc