Last updated on 2025-11-04 03:50:52 CET.
| Flavor | Version | Tinstall | Tcheck | Ttotal | Status | Flags | 
|---|---|---|---|---|---|---|
| r-devel-linux-x86_64-debian-clang | 1.3 | 6.13 | 54.86 | 60.99 | NOTE | |
| r-devel-linux-x86_64-debian-gcc | 1.3 | 4.89 | 42.55 | 47.44 | NOTE | |
| r-devel-linux-x86_64-fedora-clang | 1.3 | 19.00 | 83.39 | 102.39 | OK | |
| r-devel-linux-x86_64-fedora-gcc | 1.3 | 14.00 | 72.17 | 86.17 | OK | |
| r-devel-windows-x86_64 | 1.3 | 7.00 | 65.00 | 72.00 | OK | |
| r-patched-linux-x86_64 | 1.3 | 6.84 | 53.11 | 59.95 | OK | |
| r-release-linux-x86_64 | 1.3 | 5.75 | 52.60 | 58.35 | OK | |
| r-release-macos-arm64 | 1.3 | 4.00 | 29.00 | 33.00 | OK | |
| r-release-macos-x86_64 | 1.3 | 7.00 | 52.00 | 59.00 | OK | |
| r-release-windows-x86_64 | 1.3 | 7.00 | 63.00 | 70.00 | OK | |
| r-oldrel-macos-arm64 | 1.3 | 3.00 | 27.00 | 30.00 | OK | |
| r-oldrel-macos-x86_64 | 1.3 | 8.00 | 62.00 | 70.00 | OK | |
| r-oldrel-windows-x86_64 | 1.3 | 9.00 | 81.00 | 90.00 | OK | 
Version: 1.3
Check: CRAN incoming feasibility
Result: NOTE
  Maintainer: ‘Ian W. McKeague <im2131@columbia.edu>’
  
  No Authors@R field in DESCRIPTION.
  Please add one, modifying
    Authors@R: c(person(given = "Sara",
                        family = "Lopez-Pintado",
                        role = "aut"),
                 person(given = c("Ian", "W."),
                        family = "McKeague",
                        role = c("aut", "cre"),
                        email = "im2131@columbia.edu"))
  as necessary.
Flavors: r-devel-linux-x86_64-debian-clang, r-devel-linux-x86_64-debian-gcc