Last updated on 2025-04-30 04:50:07 CEST.
Flavor | Version | Tinstall | Tcheck | Ttotal | Status | Flags |
---|---|---|---|---|---|---|
r-devel-linux-x86_64-debian-clang | 0.4-7 | 3.08 | 29.94 | 33.02 | NOTE | |
r-devel-linux-x86_64-debian-gcc | 0.4-7 | 2.52 | 23.52 | 26.04 | NOTE | |
r-devel-linux-x86_64-fedora-clang | 0.4-7 | 51.74 | OK | |||
r-devel-linux-x86_64-fedora-gcc | 0.4-7 | 49.07 | OK | |||
r-devel-windows-x86_64 | 0.4-7 | 5.00 | 56.00 | 61.00 | OK | |
r-patched-linux-x86_64 | 0.4-7 | 3.58 | 28.77 | 32.35 | OK | |
r-release-linux-x86_64 | 0.4-7 | 3.28 | 29.00 | 32.28 | OK | |
r-release-macos-arm64 | 0.4-7 | 25.00 | OK | |||
r-release-macos-x86_64 | 0.4-7 | 59.00 | OK | |||
r-release-windows-x86_64 | 0.4-7 | 4.00 | 60.00 | 64.00 | OK | |
r-oldrel-macos-arm64 | 0.4-7 | 27.00 | OK | |||
r-oldrel-macos-x86_64 | 0.4-7 | 30.00 | OK | |||
r-oldrel-windows-x86_64 | 0.4-7 | 5.00 | 54.00 | 59.00 | OK |
Version: 0.4-7
Check: CRAN incoming feasibility
Result: NOTE
Maintainer: ‘Lukas Meier <meier@stat.math.ethz.ch>’
No Authors@R field in DESCRIPTION.
Please add one, modifying
Authors@R: person(given = "Lukas",
family = "Meier",
role = c("aut", "cre"),
email = "meier@stat.math.ethz.ch")
as necessary.
Flavors: r-devel-linux-x86_64-debian-clang, r-devel-linux-x86_64-debian-gcc