Last updated on 2025-04-30 04:50:07 CEST.
Flavor | Version | Tinstall | Tcheck | Ttotal | Status | Flags |
---|---|---|---|---|---|---|
r-devel-linux-x86_64-debian-clang | 1.0 | 2.22 | 25.46 | 27.68 | NOTE | |
r-devel-linux-x86_64-debian-gcc | 1.0 | 1.69 | 19.78 | 21.47 | NOTE | |
r-devel-linux-x86_64-fedora-clang | 1.0 | 44.27 | OK | |||
r-devel-linux-x86_64-fedora-gcc | 1.0 | 55.77 | OK | |||
r-devel-windows-x86_64 | 1.0 | 3.00 | 48.00 | 51.00 | OK | |
r-patched-linux-x86_64 | 1.0 | 2.45 | 24.27 | 26.72 | OK | |
r-release-linux-x86_64 | 1.0 | 2.05 | 24.09 | 26.14 | OK | |
r-release-macos-arm64 | 1.0 | 26.00 | OK | |||
r-release-macos-x86_64 | 1.0 | 42.00 | OK | |||
r-release-windows-x86_64 | 1.0 | 4.00 | 47.00 | 51.00 | OK | |
r-oldrel-macos-arm64 | 1.0 | 23.00 | OK | |||
r-oldrel-macos-x86_64 | 1.0 | 35.00 | OK | |||
r-oldrel-windows-x86_64 | 1.0 | 3.00 | 50.00 | 53.00 | OK |
Version: 1.0
Check: CRAN incoming feasibility
Result: NOTE
Maintainer: ‘Lu Mao <lmao@biostat.wisc.edu>’
No Authors@R field in DESCRIPTION.
Please add one, modifying
Authors@R: person(given = "Lu",
family = "Mao",
role = c("aut", "cre"),
email = "lmao@biostat.wisc.edu")
as necessary.
Flavors: r-devel-linux-x86_64-debian-clang, r-devel-linux-x86_64-debian-gcc