Last updated on 2025-04-30 04:50:07 CEST.
Flavor | Version | Tinstall | Tcheck | Ttotal | Status | Flags |
---|---|---|---|---|---|---|
r-devel-linux-x86_64-debian-clang | 0.2.2 | 7.67 | 408.99 | 416.66 | NOTE | |
r-devel-linux-x86_64-debian-gcc | 0.2.2 | 4.54 | 251.54 | 256.08 | NOTE | |
r-devel-linux-x86_64-fedora-clang | 0.2.2 | 704.38 | NOTE | |||
r-devel-linux-x86_64-fedora-gcc | 0.2.2 | 703.26 | NOTE | |||
r-devel-windows-x86_64 | 0.2.2 | 8.00 | 427.00 | 435.00 | NOTE | |
r-patched-linux-x86_64 | 0.2.2 | 7.46 | 390.49 | 397.95 | NOTE | |
r-release-linux-x86_64 | 0.2.2 | 5.97 | 388.64 | 394.61 | NOTE | |
r-release-macos-arm64 | 0.2.2 | 209.00 | NOTE | |||
r-release-macos-x86_64 | 0.2.2 | 391.00 | NOTE | |||
r-release-windows-x86_64 | 0.2.2 | 9.00 | 420.00 | 429.00 | NOTE | |
r-oldrel-macos-arm64 | 0.2.2 | 171.00 | NOTE | |||
r-oldrel-macos-x86_64 | 0.2.2 | 290.00 | NOTE | |||
r-oldrel-windows-x86_64 | 0.2.2 | 10.00 | 556.00 | 566.00 | NOTE |
Version: 0.2.2
Check: CRAN incoming feasibility
Result: NOTE
Maintainer: ‘Solenne Gaucher <solenne.gaucher@math.u-psud.fr>’
The Description field contains
as describes in Gaucher, Klopp and Robin (2019) <arXiv:1911.13122>.
Please refer to arXiv e-prints via their arXiv DOI <doi:10.48550/arXiv.YYMM.NNNNN>.
Flavors: r-devel-linux-x86_64-debian-clang, r-devel-linux-x86_64-debian-gcc
Version: 0.2.2
Check: Rd files
Result: NOTE
checkRd: (-1) crossval.Rd:54: Lost braces in \itemize; \value handles \item{}{} directly
checkRd: (-1) crossval.Rd:55: Lost braces in \itemize; \value handles \item{}{} directly
checkRd: (-1) crossval.Rd:56: Lost braces in \itemize; \value handles \item{}{} directly
checkRd: (-1) crossval.Rd:57: Lost braces in \itemize; \value handles \item{}{} directly
checkRd: (-1) crossval.Rd:58: Lost braces in \itemize; \value handles \item{}{} directly
checkRd: (-1) crossval.Rd:59: Lost braces in \itemize; \value handles \item{}{} directly
checkRd: (-1) gsbm_mcgd.Rd:57: Lost braces in \itemize; \value handles \item{}{} directly
checkRd: (-1) gsbm_mcgd.Rd:58: Lost braces in \itemize; \value handles \item{}{} directly
checkRd: (-1) gsbm_mcgd.Rd:59: Lost braces in \itemize; \value handles \item{}{} directly
checkRd: (-1) gsbm_mcgd.Rd:60: Lost braces in \itemize; \value handles \item{}{} directly
checkRd: (-1) gsbm_mcgd.Rd:61: Lost braces in \itemize; \value handles \item{}{} directly
checkRd: (-1) gsbm_mcgd.Rd:62: Lost braces in \itemize; \value handles \item{}{} directly
checkRd: (-1) gsbm_mcgd_parallel.Rd:57: Lost braces in \itemize; \value handles \item{}{} directly
checkRd: (-1) gsbm_mcgd_parallel.Rd:58: Lost braces in \itemize; \value handles \item{}{} directly
checkRd: (-1) gsbm_mcgd_parallel.Rd:59: Lost braces in \itemize; \value handles \item{}{} directly
checkRd: (-1) gsbm_mcgd_parallel.Rd:60: Lost braces in \itemize; \value handles \item{}{} directly
checkRd: (-1) gsbm_mcgd_parallel.Rd:61: Lost braces in \itemize; \value handles \item{}{} directly
checkRd: (-1) gsbm_mcgd_parallel.Rd:62: Lost braces in \itemize; \value handles \item{}{} directly
Flavors: r-devel-linux-x86_64-debian-clang, r-devel-linux-x86_64-debian-gcc, r-devel-linux-x86_64-fedora-clang, r-devel-linux-x86_64-fedora-gcc, r-devel-windows-x86_64, r-patched-linux-x86_64, r-release-linux-x86_64, r-release-macos-arm64, r-release-macos-x86_64, r-release-windows-x86_64, r-oldrel-macos-arm64, r-oldrel-macos-x86_64, r-oldrel-windows-x86_64