Last updated on 2025-04-30 04:50:07 CEST.
Flavor | Version | Tinstall | Tcheck | Ttotal | Status | Flags |
---|---|---|---|---|---|---|
r-devel-linux-x86_64-debian-clang | 0.1-4 | 13.86 | 38.59 | 52.45 | NOTE | |
r-devel-linux-x86_64-debian-gcc | 0.1-4 | 9.00 | 29.45 | 38.45 | NOTE | |
r-devel-linux-x86_64-fedora-clang | 0.1-4 | 82.82 | OK | |||
r-devel-linux-x86_64-fedora-gcc | 0.1-4 | 94.98 | OK | |||
r-devel-windows-x86_64 | 0.1-4 | 16.00 | 80.00 | 96.00 | OK | |
r-patched-linux-x86_64 | 0.1-4 | 13.16 | 35.43 | 48.59 | OK | |
r-release-linux-x86_64 | 0.1-4 | 12.88 | 35.58 | 48.46 | OK | |
r-release-macos-arm64 | 0.1-4 | 35.00 | OK | |||
r-release-macos-x86_64 | 0.1-4 | 60.00 | OK | |||
r-release-windows-x86_64 | 0.1-4 | 15.00 | 87.00 | 102.00 | OK | |
r-oldrel-macos-arm64 | 0.1-4 | 31.00 | OK | |||
r-oldrel-macos-x86_64 | 0.1-4 | 47.00 | OK | |||
r-oldrel-windows-x86_64 | 0.1-4 | 15.00 | 92.00 | 107.00 | OK |
Version: 0.1-4
Check: CRAN incoming feasibility
Result: NOTE
Maintainer: ‘Tobias Mütze <tobias.muetze@outlook.com>’
Package CITATION file contains call(s) to old-style personList() or
as.personList(). Please use c() on person objects instead.
Package CITATION file contains call(s) to old-style citEntry(). Please
use bibentry() instead.
Flavors: r-devel-linux-x86_64-debian-clang, r-devel-linux-x86_64-debian-gcc