Last updated on 2025-04-30 04:50:07 CEST.
Flavor | Version | Tinstall | Tcheck | Ttotal | Status | Flags |
---|---|---|---|---|---|---|
r-devel-linux-x86_64-debian-clang | 0.4.6 | 1.69 | 24.20 | 25.89 | OK | |
r-devel-linux-x86_64-debian-gcc | 0.4.6 | 1.34 | 19.48 | 20.82 | NOTE | |
r-devel-linux-x86_64-fedora-clang | 0.4.6 | 35.93 | OK | |||
r-devel-linux-x86_64-fedora-gcc | 0.4.6 | 35.42 | OK | |||
r-devel-windows-x86_64 | 0.4.6 | 3.00 | 51.00 | 54.00 | OK | |
r-patched-linux-x86_64 | 0.4.6 | 1.65 | 22.58 | 24.23 | OK | |
r-release-linux-x86_64 | 0.4.6 | 1.66 | 22.48 | 24.14 | OK | |
r-release-macos-arm64 | 0.4.6 | 31.00 | OK | |||
r-release-macos-x86_64 | 0.4.6 | 38.00 | OK | |||
r-release-windows-x86_64 | 0.4.6 | 3.00 | 51.00 | 54.00 | OK | |
r-oldrel-macos-arm64 | 0.4.6 | 31.00 | OK | |||
r-oldrel-macos-x86_64 | 0.4.6 | 48.00 | OK | |||
r-oldrel-windows-x86_64 | 0.4.6 | 4.00 | 52.00 | 56.00 | OK |
Version: 0.4.6
Check: examples
Result: NOTE
Examples with CPU (user + system) or elapsed time > 5s
user system elapsed
gsheet2tbl 0.685 0.107 5.322
Flavor: r-devel-linux-x86_64-debian-gcc