Last updated on 2025-04-30 04:50:07 CEST.
Flavor | Version | Tinstall | Tcheck | Ttotal | Status | Flags |
---|---|---|---|---|---|---|
r-devel-linux-x86_64-debian-clang | 0.0.1 | 9.76 | 25.19 | 34.95 | OK | |
r-devel-linux-x86_64-debian-gcc | 0.0.1 | 6.93 | 20.46 | 27.39 | OK | |
r-devel-linux-x86_64-fedora-clang | 0.0.1 | 56.80 | OK | |||
r-devel-linux-x86_64-fedora-gcc | 0.0.1 | 53.10 | OK | |||
r-devel-windows-x86_64 | 0.0.1 | 13.00 | 61.00 | 74.00 | OK | |
r-patched-linux-x86_64 | 0.0.1 | 7.67 | 22.93 | 30.60 | OK | |
r-release-linux-x86_64 | 0.0.1 | 9.41 | 23.35 | 32.76 | OK | |
r-release-macos-arm64 | 0.0.1 | 23.00 | OK | |||
r-release-macos-x86_64 | 0.0.1 | 32.00 | OK | |||
r-release-windows-x86_64 | 0.0.1 | 13.00 | 62.00 | 75.00 | OK | |
r-oldrel-macos-arm64 | 0.0.1 | 21.00 | NOTE | |||
r-oldrel-macos-x86_64 | 0.0.1 | 28.00 | NOTE | |||
r-oldrel-windows-x86_64 | 0.0.1 | 11.00 | 67.00 | 78.00 | NOTE |
Version: 0.0.1
Check: LazyData
Result: NOTE
'LazyData' is specified without a 'data' directory
Flavors: r-oldrel-macos-arm64, r-oldrel-macos-x86_64, r-oldrel-windows-x86_64