CRAN Package Check Results for Package gsloid

Last updated on 2025-02-21 03:52:14 CET.

Flavor Version Tinstall Tcheck Ttotal Status Flags
r-devel-linux-x86_64-debian-clang 0.2.0 1.67 26.22 27.89 NOTE
r-devel-linux-x86_64-debian-gcc 0.2.0 1.37 20.82 22.19 NOTE
r-devel-linux-x86_64-fedora-clang 0.2.0 44.79 NOTE
r-devel-linux-x86_64-fedora-gcc 0.2.0 55.95 NOTE
r-devel-macos-arm64 0.2.0 24.00 NOTE
r-devel-macos-x86_64 0.2.0 42.00 NOTE
r-devel-windows-x86_64 0.2.0 3.00 50.00 53.00 NOTE
r-patched-linux-x86_64 0.2.0 1.28 24.57 25.85 NOTE
r-release-linux-x86_64 0.2.0 1.67 24.55 26.22 NOTE
r-release-macos-arm64 0.2.0 23.00 NOTE
r-release-macos-x86_64 0.2.0 34.00 NOTE
r-release-windows-x86_64 0.2.0 2.00 46.00 48.00 NOTE
r-oldrel-macos-arm64 0.2.0 24.00 OK
r-oldrel-macos-x86_64 0.2.0 35.00 OK
r-oldrel-windows-x86_64 0.2.0 4.00 54.00 58.00 OK

Check Details

Version: 0.2.0
Check: Rd files
Result: NOTE checkRd: (-1) lisiecki2005.Rd:21: Lost braces in \itemize; meant \describe ? checkRd: (-1) lisiecki2005.Rd:22: Lost braces in \itemize; meant \describe ? checkRd: (-1) lisiecki2005.Rd:23: Lost braces in \itemize; meant \describe ? checkRd: (-1) spratt2016.Rd:21: Lost braces in \itemize; meant \describe ? checkRd: (-1) spratt2016.Rd:22: Lost braces in \itemize; meant \describe ? checkRd: (-1) spratt2016.Rd:23: Lost braces in \itemize; meant \describe ? checkRd: (-1) spratt2016.Rd:24: Lost braces in \itemize; meant \describe ? checkRd: (-1) spratt2016.Rd:25: Lost braces in \itemize; meant \describe ? checkRd: (-1) spratt2016.Rd:26: Lost braces in \itemize; meant \describe ? checkRd: (-1) spratt2016.Rd:27: Lost braces in \itemize; meant \describe ? checkRd: (-1) spratt2016.Rd:28: Lost braces in \itemize; meant \describe ? checkRd: (-1) spratt2016.Rd:29: Lost braces in \itemize; meant \describe ? Flavors: r-devel-linux-x86_64-debian-clang, r-devel-linux-x86_64-debian-gcc, r-devel-linux-x86_64-fedora-clang, r-devel-linux-x86_64-fedora-gcc, r-devel-macos-arm64, r-devel-macos-x86_64, r-devel-windows-x86_64, r-patched-linux-x86_64, r-release-linux-x86_64, r-release-macos-arm64, r-release-macos-x86_64, r-release-windows-x86_64