CRAN Package Check Results for Package gstar

Last updated on 2025-04-30 04:50:07 CEST.

Flavor Version Tinstall Tcheck Ttotal Status Flags
r-devel-linux-x86_64-debian-clang 0.1.0 5.79 49.45 55.24 OK
r-devel-linux-x86_64-debian-gcc 0.1.0 4.25 36.43 40.68 OK
r-devel-linux-x86_64-fedora-clang 0.1.0 76.21 NOTE
r-devel-linux-x86_64-fedora-gcc 0.1.0 73.07 NOTE
r-devel-windows-x86_64 0.1.0 7.00 65.00 72.00 OK
r-patched-linux-x86_64 0.1.0 5.34 46.07 51.41 OK
r-release-linux-x86_64 0.1.0 5.74 46.51 52.25 OK
r-release-macos-arm64 0.1.0 29.00 OK
r-release-macos-x86_64 0.1.0 51.00 OK
r-release-windows-x86_64 0.1.0 7.00 72.00 79.00 OK
r-oldrel-macos-arm64 0.1.0 26.00 OK
r-oldrel-macos-x86_64 0.1.0 48.00 OK
r-oldrel-windows-x86_64 0.1.0 9.00 77.00 86.00 OK

Check Details

Version: 0.1.0
Check: dependencies in R code
Result: NOTE Namespace in Imports field not imported from: ‘dplyr’ All declared Imports should be used. Flavors: r-devel-linux-x86_64-fedora-clang, r-devel-linux-x86_64-fedora-gcc