Last updated on 2025-04-30 04:50:07 CEST.
Flavor | Version | Tinstall | Tcheck | Ttotal | Status | Flags |
---|---|---|---|---|---|---|
r-devel-linux-x86_64-debian-clang | 0.7 | 2.49 | 31.65 | 34.14 | NOTE | |
r-devel-linux-x86_64-debian-gcc | 0.7 | 1.88 | 25.32 | 27.20 | NOTE | |
r-devel-linux-x86_64-fedora-clang | 0.7 | 52.90 | OK | |||
r-devel-linux-x86_64-fedora-gcc | 0.7 | 65.82 | OK | |||
r-devel-windows-x86_64 | 0.7 | 3.00 | 72.00 | 75.00 | OK | |
r-patched-linux-x86_64 | 0.7 | 2.61 | 30.27 | 32.88 | OK | |
r-release-linux-x86_64 | 0.7 | 2.34 | 30.37 | 32.71 | OK | |
r-release-macos-arm64 | 0.7 | 33.00 | OK | |||
r-release-macos-x86_64 | 0.7 | 61.00 | OK | |||
r-release-windows-x86_64 | 0.7 | 5.00 | 86.00 | 91.00 | OK | |
r-oldrel-macos-arm64 | 0.7 | 34.00 | OK | |||
r-oldrel-macos-x86_64 | 0.7 | 44.00 | OK | |||
r-oldrel-windows-x86_64 | 0.7 | 4.00 | 68.00 | 72.00 | OK |
Version: 0.7
Check: CRAN incoming feasibility
Result: NOTE
Maintainer: ‘G. Grothendieck <ggrothendieck@gmail.com>’
No Authors@R field in DESCRIPTION.
Please add one, modifying
Authors@R: person(given = "G.",
family = "Grothendieck",
role = c("aut", "cre"),
email = "ggrothendieck@gmail.com")
as necessary.
Flavors: r-devel-linux-x86_64-debian-clang, r-devel-linux-x86_64-debian-gcc