Last updated on 2025-11-02 03:51:40 CET.
| Flavor | Version | Tinstall | Tcheck | Ttotal | Status | Flags |
|---|---|---|---|---|---|---|
| r-devel-linux-x86_64-debian-clang | 1.1.0 | 34.32 | 273.26 | 307.58 | OK | |
| r-devel-linux-x86_64-debian-gcc | 1.1.0 | 20.26 | 170.00 | 190.26 | OK | |
| r-devel-linux-x86_64-fedora-clang | 1.1.0 | 125.00 | 360.55 | 485.55 | OK | |
| r-devel-linux-x86_64-fedora-gcc | 1.1.0 | 69.00 | 338.59 | 407.59 | OK | |
| r-devel-windows-x86_64 | 1.1.0 | 39.00 | 263.00 | 302.00 | OK | |
| r-patched-linux-x86_64 | 1.1.0 | 46.86 | 252.61 | 299.47 | OK | |
| r-release-linux-x86_64 | 1.1.0 | 30.98 | 252.62 | 283.60 | OK | |
| r-release-macos-arm64 | 1.1.0 | 13.00 | 80.00 | 93.00 | OK | |
| r-release-macos-x86_64 | 1.1.0 | 38.00 | 205.00 | 243.00 | OK | |
| r-release-windows-x86_64 | 1.1.0 | 40.00 | 260.00 | 300.00 | OK | |
| r-oldrel-macos-arm64 | 1.1.0 | 16.00 | 83.00 | 99.00 | NOTE | |
| r-oldrel-macos-x86_64 | 1.1.0 | 35.00 | 184.00 | 219.00 | NOTE | |
| r-oldrel-windows-x86_64 | 1.1.0 | 58.00 | 329.00 | 387.00 | NOTE |
Version: 1.1.0
Check: installed package size
Result: NOTE
installed size is 7.2Mb
sub-directories of 1Mb or more:
R 2.8Mb
data 1.1Mb
help 1.9Mb
Flavors: r-oldrel-macos-arm64, r-oldrel-macos-x86_64, r-oldrel-windows-x86_64