Last updated on 2025-04-30 04:50:07 CEST.
Flavor | Version | Tinstall | Tcheck | Ttotal | Status | Flags |
---|---|---|---|---|---|---|
r-devel-linux-x86_64-debian-clang | 2.2.0 | 19.31 | 373.90 | 393.21 | NOTE | |
r-devel-linux-x86_64-debian-gcc | 2.2.0 | 9.43 | 255.19 | 264.62 | NOTE | |
r-devel-linux-x86_64-fedora-clang | 2.2.0 | 650.63 | OK | |||
r-devel-linux-x86_64-fedora-gcc | 2.2.0 | 629.85 | OK | |||
r-devel-windows-x86_64 | 2.2.0 | 23.00 | 346.00 | 369.00 | OK | |
r-patched-linux-x86_64 | 2.2.0 | 22.08 | 349.91 | 371.99 | OK | |
r-release-linux-x86_64 | 2.2.0 | 18.87 | 348.03 | 366.90 | OK | |
r-release-macos-arm64 | 2.2.0 | 141.00 | OK | |||
r-release-macos-x86_64 | 2.2.0 | 510.00 | OK | |||
r-release-windows-x86_64 | 2.2.0 | 18.00 | 341.00 | 359.00 | OK | |
r-oldrel-macos-arm64 | 2.2.0 | 156.00 | OK | |||
r-oldrel-macos-x86_64 | 2.2.0 | 369.00 | OK | |||
r-oldrel-windows-x86_64 | 2.2.0 | 27.00 | 471.00 | 498.00 | OK |
Version: 2.2.0
Check: examples
Result: NOTE
Examples with CPU (user + system) or elapsed time > 5s
user system elapsed
tbl_custom_summary 9.194 0.004 12.268
add_overall 8.839 0.085 10.722
tbl_svysummary 8.314 0.032 11.548
tbl_ard_summary 7.390 0.016 9.971
add_p.tbl_cross 7.319 0.004 8.798
tbl_cross 6.825 0.012 8.403
gather_ard 6.681 0.027 9.134
tbl_strata_nested_stack 6.434 0.004 8.715
sort_filter_p 6.334 0.008 7.733
bold_p 6.152 0.113 8.585
combine_terms 6.018 0.039 7.509
modify_column_merge 5.718 0.012 6.987
add_stat 5.721 0.000 7.997
inline_text.tbl_uvregression 5.392 0.000 7.105
add_stat_label 5.275 0.000 7.454
tbl_survfit 4.986 0.008 6.702
Flavor: r-devel-linux-x86_64-debian-clang
Version: 2.2.0
Check: examples
Result: NOTE
Examples with CPU (user + system) or elapsed time > 5s
user system elapsed
tbl_custom_summary 6.434 0.051 8.758
add_overall 5.871 0.087 6.899
tbl_ard_summary 5.316 0.008 7.396
tbl_svysummary 5.007 0.020 6.054
add_p.tbl_cross 4.751 0.008 5.817
gather_ard 4.486 0.008 5.393
tbl_cross 4.483 0.007 5.689
sort_filter_p 4.362 0.008 5.917
bold_p 4.167 0.200 5.153
modify_column_merge 3.988 0.000 5.138
combine_terms 3.915 0.051 5.032
Flavor: r-devel-linux-x86_64-debian-gcc