Last updated on 2025-04-30 04:50:07 CEST.
Flavor | Version | Tinstall | Tcheck | Ttotal | Status | Flags |
---|---|---|---|---|---|---|
r-devel-linux-x86_64-debian-clang | 1.0.0 | 7.03 | 69.44 | 76.47 | NOTE | |
r-devel-linux-x86_64-debian-gcc | 1.0.0 | 5.04 | 51.63 | 56.67 | NOTE | |
r-devel-linux-x86_64-fedora-clang | 1.0.0 | 117.32 | NOTE | |||
r-devel-linux-x86_64-fedora-gcc | 1.0.0 | 127.47 | NOTE | |||
r-devel-windows-x86_64 | 1.0.0 | 7.00 | 84.00 | 91.00 | NOTE | |
r-patched-linux-x86_64 | 1.0.0 | 6.26 | 66.95 | 73.21 | NOTE | |
r-release-linux-x86_64 | 1.0.0 | 6.43 | 66.94 | 73.37 | NOTE | |
r-release-macos-arm64 | 1.0.0 | 64.00 | NOTE | |||
r-release-macos-x86_64 | 1.0.0 | 78.00 | NOTE | |||
r-release-windows-x86_64 | 1.0.0 | 8.00 | 86.00 | 94.00 | NOTE | |
r-oldrel-macos-arm64 | 1.0.0 | 42.00 | NOTE | |||
r-oldrel-macos-x86_64 | 1.0.0 | 61.00 | NOTE | |||
r-oldrel-windows-x86_64 | 1.0.0 | 9.00 | 96.00 | 105.00 | NOTE |
Version: 1.0.0
Check: Rd files
Result: NOTE
checkRd: (-1) PLSSVD.Rd:24: Lost braces; missing escapes or markup?
24 | The number of low-dimension (k < {N, M, L}, Default: .minDim(X, Y))
| ^
checkRd: (-1) guidedPLS.Rd:33: Lost braces; missing escapes or markup?
33 | The number of low-dimension (k < {N, M, L, O}, Default: .minDim(X1, X2, Y1, Y2))
| ^
checkRd: (-1) sPLSDA.Rd:24: Lost braces; missing escapes or markup?
24 | The number of low-dimension (k < {N, M, L}, Default: .minDim(X, Y))
| ^
Flavors: r-devel-linux-x86_64-debian-clang, r-devel-linux-x86_64-debian-gcc, r-devel-linux-x86_64-fedora-clang, r-devel-linux-x86_64-fedora-gcc, r-devel-windows-x86_64, r-patched-linux-x86_64, r-release-linux-x86_64, r-release-macos-arm64, r-release-macos-x86_64, r-release-windows-x86_64, r-oldrel-macos-arm64, r-oldrel-macos-x86_64, r-oldrel-windows-x86_64