CRAN Package Check Results for Package gunsales

Last updated on 2025-04-30 04:50:07 CEST.

Flavor Version Tinstall Tcheck Ttotal Status Flags
r-devel-linux-x86_64-debian-clang 0.1.2 8.09 87.86 95.95 NOTE
r-devel-linux-x86_64-debian-gcc 0.1.2 5.42 61.55 66.97 NOTE
r-devel-linux-x86_64-fedora-clang 0.1.2 137.11 OK
r-devel-linux-x86_64-fedora-gcc 0.1.2 141.88 OK
r-devel-windows-x86_64 0.1.2 10.00 103.00 113.00 OK
r-patched-linux-x86_64 0.1.2 6.40 78.26 84.66 OK
r-release-linux-x86_64 0.1.2 7.29 78.97 86.26 OK
r-release-macos-arm64 0.1.2 57.00 OK
r-release-macos-x86_64 0.1.2 92.00 OK
r-release-windows-x86_64 0.1.2 11.00 107.00 118.00 OK
r-oldrel-macos-arm64 0.1.2 42.00 OK
r-oldrel-macos-x86_64 0.1.2 82.00 OK
r-oldrel-windows-x86_64 0.1.2 12.00 119.00 131.00 OK

Check Details

Version: 0.1.2
Check: CRAN incoming feasibility
Result: NOTE Maintainer: ‘Dirk Eddelbuettel <edd@debian.org>’ No Authors@R field in DESCRIPTION. Please add one, modifying Authors@R: c(person(given = "Gregor", family = "Aisch", role = "aut"), person(given = "Josh", family = "Keller", role = "aut"), person(given = "Dirk", family = "Eddelbuettel", role = c("aut", "cre"), email = "edd@debian.org")) as necessary. Flavors: r-devel-linux-x86_64-debian-clang, r-devel-linux-x86_64-debian-gcc