Last updated on 2025-11-04 03:50:53 CET.
| Flavor | Version | Tinstall | Tcheck | Ttotal | Status | Flags | 
|---|---|---|---|---|---|---|
| r-devel-linux-x86_64-debian-clang | 0.1.2 | 7.72 | 88.67 | 96.39 | NOTE | |
| r-devel-linux-x86_64-debian-gcc | 0.1.2 | 5.49 | 63.06 | 68.55 | NOTE | |
| r-devel-linux-x86_64-fedora-clang | 0.1.2 | 40.00 | 112.39 | 152.39 | OK | |
| r-devel-linux-x86_64-fedora-gcc | 0.1.2 | 16.00 | 132.12 | 148.12 | OK | |
| r-devel-windows-x86_64 | 0.1.2 | 13.00 | 101.00 | 114.00 | OK | |
| r-patched-linux-x86_64 | 0.1.2 | 7.52 | 81.27 | 88.79 | OK | |
| r-release-linux-x86_64 | 0.1.2 | 8.03 | 80.59 | 88.62 | OK | |
| r-release-macos-arm64 | 0.1.2 | 4.00 | 53.00 | 57.00 | OK | |
| r-release-macos-x86_64 | 0.1.2 | 6.00 | 86.00 | 92.00 | OK | |
| r-release-windows-x86_64 | 0.1.2 | 12.00 | 96.00 | 108.00 | OK | |
| r-oldrel-macos-arm64 | 0.1.2 | 3.00 | 39.00 | 42.00 | OK | |
| r-oldrel-macos-x86_64 | 0.1.2 | 7.00 | 75.00 | 82.00 | OK | |
| r-oldrel-windows-x86_64 | 0.1.2 | 14.00 | 117.00 | 131.00 | OK | 
Version: 0.1.2
Check: CRAN incoming feasibility
Result: NOTE
  Maintainer: ‘Dirk Eddelbuettel <edd@debian.org>’
  
  No Authors@R field in DESCRIPTION.
  Please add one, modifying
    Authors@R: c(person(given = "Gregor",
                        family = "Aisch",
                        role = "aut"),
                 person(given = "Josh",
                        family = "Keller",
                        role = "aut"),
                 person(given = "Dirk",
                        family = "Eddelbuettel",
                        role = c("aut", "cre"),
                        email = "edd@debian.org"))
  as necessary.
Flavors: r-devel-linux-x86_64-debian-clang, r-devel-linux-x86_64-debian-gcc