CRAN Package Check Results for Package gwrr

Last updated on 2025-04-30 04:50:07 CEST.

Flavor Version Tinstall Tcheck Ttotal Status Flags
r-devel-linux-x86_64-debian-clang 0.2-2 5.02 45.77 50.79 NOTE
r-devel-linux-x86_64-debian-gcc 0.2-2 3.43 33.20 36.63 NOTE
r-devel-linux-x86_64-fedora-clang 0.2-2 79.90 OK
r-devel-linux-x86_64-fedora-gcc 0.2-2 76.17 OK
r-devel-windows-x86_64 0.2-2 6.00 65.00 71.00 OK
r-patched-linux-x86_64 0.2-2 4.64 44.24 48.88 OK
r-release-linux-x86_64 0.2-2 4.95 44.29 49.24 OK
r-release-macos-arm64 0.2-2 29.00 OK
r-release-macos-x86_64 0.2-2 45.00 OK
r-release-windows-x86_64 0.2-2 6.00 62.00 68.00 OK
r-oldrel-macos-arm64 0.2-2 25.00 OK
r-oldrel-macos-x86_64 0.2-2 36.00 OK
r-oldrel-windows-x86_64 0.2-2 7.00 70.00 77.00 OK

Check Details

Version: 0.2-2
Check: CRAN incoming feasibility
Result: NOTE Maintainer: ‘David Wheeler <dcwheels@gmail.com>’ No Authors@R field in DESCRIPTION. Please add one, modifying Authors@R: person(given = "David", family = "Wheeler", role = c("aut", "cre"), email = "dcwheels@gmail.com") as necessary. Flavors: r-devel-linux-x86_64-debian-clang, r-devel-linux-x86_64-debian-gcc