Last updated on 2025-04-30 04:50:07 CEST.
Flavor | Version | Tinstall | Tcheck | Ttotal | Status | Flags |
---|---|---|---|---|---|---|
r-devel-linux-x86_64-debian-clang | 0.1.0 | 9.10 | 50.47 | 59.57 | NOTE | |
r-devel-linux-x86_64-debian-gcc | 0.1.0 | 5.44 | 35.27 | 40.71 | OK | |
r-devel-linux-x86_64-fedora-clang | 0.1.0 | 93.81 | OK | |||
r-devel-linux-x86_64-fedora-gcc | 0.1.0 | 91.65 | OK | |||
r-devel-windows-x86_64 | 0.1.0 | 9.00 | 70.00 | 79.00 | OK | |
r-patched-linux-x86_64 | 0.1.0 | 9.17 | 48.64 | 57.81 | OK | |
r-release-linux-x86_64 | 0.1.0 | 7.80 | 48.44 | 56.24 | OK | |
r-release-macos-arm64 | 0.1.0 | 29.00 | OK | |||
r-release-macos-x86_64 | 0.1.0 | 52.00 | OK | |||
r-release-windows-x86_64 | 0.1.0 | 8.00 | 67.00 | 75.00 | OK | |
r-oldrel-macos-arm64 | 0.1.0 | 30.00 | OK | |||
r-oldrel-macos-x86_64 | 0.1.0 | 79.00 | OK | |||
r-oldrel-windows-x86_64 | 0.1.0 | 12.00 | 76.00 | 88.00 | OK |
Version: 0.1.0
Check: examples
Result: NOTE
Examples with CPU (user + system) or elapsed time > 5s
user system elapsed
gwzinbr 5.385 0.084 7.596
Golden 4.721 0.134 6.583
Flavor: r-devel-linux-x86_64-debian-clang