Last updated on 2025-04-30 04:50:07 CEST.
Flavor | Version | Tinstall | Tcheck | Ttotal | Status | Flags |
---|---|---|---|---|---|---|
r-devel-linux-x86_64-debian-clang | 0.1.2 | 4.75 | 24.46 | 29.21 | OK | |
r-devel-linux-x86_64-debian-gcc | 0.1.2 | 4.31 | 19.97 | 24.28 | OK | |
r-devel-linux-x86_64-fedora-clang | 0.1.2 | 42.79 | OK | |||
r-devel-linux-x86_64-fedora-gcc | 0.1.2 | 42.14 | OK | |||
r-devel-windows-x86_64 | 0.1.2 | 12.00 | 64.00 | 76.00 | OK | |
r-patched-linux-x86_64 | 0.1.2 | 5.63 | 22.27 | 27.90 | OK | |
r-release-linux-x86_64 | 0.1.2 | 5.25 | 22.65 | 27.90 | OK | |
r-release-macos-arm64 | 0.1.2 | 24.00 | OK | |||
r-release-macos-x86_64 | 0.1.2 | 31.00 | OK | |||
r-release-windows-x86_64 | 0.1.2 | 12.00 | 61.00 | 73.00 | OK | |
r-oldrel-macos-arm64 | 0.1.2 | 23.00 | OK | |||
r-oldrel-macos-x86_64 | 0.1.2 | 39.00 | OK | |||
r-oldrel-windows-x86_64 | 0.1.2 | 10.00 | 6.00 | 16.00 | ERROR |
Version: 0.1.2
Check: package dependencies
Result: ERROR
Package required and available but unsuitable version: 'h3lib'
See section 'The DESCRIPTION file' in the 'Writing R Extensions'
manual.
Flavor: r-oldrel-windows-x86_64