Last updated on 2025-04-30 04:50:08 CEST.
Flavor | Version | Tinstall | Tcheck | Ttotal | Status | Flags |
---|---|---|---|---|---|---|
r-devel-linux-x86_64-debian-clang | 0.3.0 | 14.26 | 132.17 | 146.43 | NOTE | |
r-devel-linux-x86_64-debian-gcc | 0.3.0 | 11.08 | 92.42 | 103.50 | NOTE | |
r-devel-linux-x86_64-fedora-clang | 0.3.0 | 216.72 | OK | |||
r-devel-linux-x86_64-fedora-gcc | 0.3.0 | 203.77 | OK | |||
r-devel-windows-x86_64 | 0.3.0 | 14.00 | 139.00 | 153.00 | OK | |
r-patched-linux-x86_64 | 0.3.0 | 13.48 | 122.12 | 135.60 | OK | |
r-release-linux-x86_64 | 0.3.0 | 13.66 | 122.60 | 136.26 | OK | |
r-release-macos-arm64 | 0.3.0 | 59.00 | OK | |||
r-release-macos-x86_64 | 0.3.0 | 109.00 | OK | |||
r-release-windows-x86_64 | 0.3.0 | 14.00 | 138.00 | 152.00 | OK | |
r-oldrel-macos-arm64 | 0.3.0 | 57.00 | OK | |||
r-oldrel-macos-x86_64 | 0.3.0 | 84.00 | OK | |||
r-oldrel-windows-x86_64 | 0.3.0 | 20.00 | 175.00 | 195.00 | OK |
Version: 0.3.0
Check: CRAN incoming feasibility
Result: NOTE
Maintainer: ‘Xiang Zhou <xiang_zhou@fas.harvard.edu>’
The BugReports field in DESCRIPTION has
http://github.com/xiangzhou09/hIRT
which should likely be
http://github.com/xiangzhou09/hIRT/issues
instead.
Found the following URLs which should use \doi (with the DOI name only):
File ‘hgrm.Rd’:
https://doi.org/10.1017/pan.2018.63
File ‘hltm.Rd’:
https://doi.org/10.1017/pan.2018.63
Flavors: r-devel-linux-x86_64-debian-clang, r-devel-linux-x86_64-debian-gcc
Version: 0.3.0
Check: examples
Result: NOTE
Examples with CPU (user + system) or elapsed time > 5s
user system elapsed
coef_item 5.336 0.037 6.582
latent_scores 5.184 0.048 6.019
summary.hIRT 4.799 0.007 5.747
hgrm 4.543 0.071 5.615
Flavor: r-devel-linux-x86_64-debian-clang