Last updated on 2025-04-30 04:50:07 CEST.
Flavor | Version | Tinstall | Tcheck | Ttotal | Status | Flags |
---|---|---|---|---|---|---|
r-devel-linux-x86_64-debian-clang | 1.1.1 | 29.15 | 576.53 | 605.68 | NOTE | |
r-devel-linux-x86_64-debian-gcc | 1.1.1 | 19.20 | 392.25 | 411.45 | NOTE | |
r-devel-linux-x86_64-fedora-clang | 1.1.1 | 930.12 | OK | |||
r-devel-linux-x86_64-fedora-gcc | 1.1.1 | 917.88 | OK | |||
r-devel-windows-x86_64 | 1.1.1 | 28.00 | 487.00 | 515.00 | OK | |
r-patched-linux-x86_64 | 1.1.1 | 28.25 | 550.64 | 578.89 | OK | |
r-release-linux-x86_64 | 1.1.1 | 28.80 | 549.83 | 578.63 | OK | |
r-release-macos-arm64 | 1.1.1 | 307.00 | OK | |||
r-release-macos-x86_64 | 1.1.1 | 542.00 | OK | |||
r-release-windows-x86_64 | 1.1.1 | 28.00 | 495.00 | 523.00 | OK | |
r-oldrel-macos-arm64 | 1.1.1 | 251.00 | OK | |||
r-oldrel-macos-x86_64 | 1.1.1 | 430.00 | NOTE | |||
r-oldrel-windows-x86_64 | 1.1.1 | 37.00 | 663.00 | 700.00 | OK |
Version: 1.1.1
Check: examples
Result: NOTE
Examples with CPU (user + system) or elapsed time > 5s
user system elapsed
entropy 6.954 0.297 8.911
fd_area 6.803 0.104 7.973
rdh 4.366 0.166 6.006
Flavor: r-devel-linux-x86_64-debian-clang
Version: 1.1.1
Check: examples
Result: NOTE
Examples with CPU (user + system) or elapsed time > 5s
user system elapsed
fd_area 6.470 0.381 7.792
entropy 5.874 0.037 7.255
Flavor: r-devel-linux-x86_64-debian-gcc
Version: 1.1.1
Check: installed package size
Result: NOTE
installed size is 5.4Mb
sub-directories of 1Mb or more:
data 3.3Mb
doc 1.1Mb
Flavor: r-oldrel-macos-x86_64