Last updated on 2025-04-30 04:50:07 CEST.
Flavor | Version | Tinstall | Tcheck | Ttotal | Status | Flags |
---|---|---|---|---|---|---|
r-devel-linux-x86_64-debian-clang | 0.2.3 | 12.29 | 429.49 | 441.78 | NOTE | |
r-devel-linux-x86_64-debian-gcc | 0.2.3 | 9.56 | 330.12 | 339.68 | NOTE | |
r-devel-linux-x86_64-fedora-clang | 0.2.3 | 733.71 | OK | |||
r-devel-linux-x86_64-fedora-gcc | 0.2.3 | 800.97 | OK | |||
r-devel-windows-x86_64 | 0.2.3 | 14.00 | 418.00 | 432.00 | NOTE | |
r-patched-linux-x86_64 | 0.2.3 | 11.95 | 472.87 | 484.82 | NOTE | |
r-release-linux-x86_64 | 0.2.3 | 12.17 | 474.96 | 487.13 | NOTE | |
r-release-macos-arm64 | 0.2.3 | 239.00 | OK | |||
r-release-macos-x86_64 | 0.2.3 | 486.00 | OK | |||
r-release-windows-x86_64 | 0.2.3 | 13.00 | 412.00 | 425.00 | NOTE | |
r-oldrel-macos-arm64 | 0.2.3 | 233.00 | OK | |||
r-oldrel-macos-x86_64 | 0.2.3 | 447.00 | OK | |||
r-oldrel-windows-x86_64 | 0.2.3 | 17.00 | 571.00 | 588.00 | OK |
Version: 0.2.3
Check: Rd cross-references
Result: NOTE
Found the following Rd file(s) with Rd \link{} targets missing package
anchors:
format_long_hazards.Rd: data.table
Please provide package anchors for all Rd \link{} targets not in the
package itself and the base packages.
Flavors: r-devel-linux-x86_64-debian-clang, r-devel-linux-x86_64-debian-gcc, r-devel-windows-x86_64, r-patched-linux-x86_64, r-release-linux-x86_64, r-release-windows-x86_64
Version: 0.2.3
Check: examples
Result: NOTE
Examples with CPU (user + system) or elapsed time > 5s
user system elapsed
predict.haldensify 4.603 0.128 6.126
confint.ipw_haldensify 3.987 0.247 5.347
Flavor: r-devel-linux-x86_64-debian-clang