Last updated on 2025-04-30 04:50:07 CEST.
Flavor | Version | Tinstall | Tcheck | Ttotal | Status | Flags |
---|---|---|---|---|---|---|
r-devel-linux-x86_64-debian-clang | 3.2.4 | 53.20 | 242.22 | 295.42 | NOTE | |
r-devel-linux-x86_64-debian-gcc | 3.2.4 | 41.09 | 154.95 | 196.04 | OK | |
r-devel-linux-x86_64-fedora-clang | 3.2.4 | 492.85 | OK | |||
r-devel-linux-x86_64-fedora-gcc | 3.2.4 | 491.46 | OK | |||
r-devel-windows-x86_64 | 3.2.4 | 63.00 | 287.00 | 350.00 | OK | |
r-patched-linux-x86_64 | 3.2.4 | 53.97 | 231.82 | 285.79 | OK | |
r-release-linux-x86_64 | 3.2.4 | 51.77 | 230.05 | 281.82 | OK | |
r-release-macos-arm64 | 3.2.4 | 132.00 | OK | |||
r-release-macos-x86_64 | 3.2.4 | 259.00 | OK | |||
r-release-windows-x86_64 | 3.2.4 | 63.00 | 285.00 | 348.00 | OK | |
r-oldrel-macos-arm64 | 3.2.4 | 119.00 | NOTE | |||
r-oldrel-macos-x86_64 | 3.2.4 | 248.00 | NOTE | |||
r-oldrel-windows-x86_64 | 3.2.4 | 58.00 | 379.00 | 437.00 | OK |
Version: 3.2.4
Check: examples
Result: NOTE
Examples with CPU (user + system) or elapsed time > 5s
user system elapsed
plot_graphs 6.303 0.042 7.405
plot_cluster_centers 6.332 0.000 7.370
plotLine 5.782 0.117 7.599
processDocument 5.325 0.071 6.246
message 4.910 0.394 6.104
plotLetter 4.275 0.023 5.679
read_and_process 3.773 0.039 5.522
Flavor: r-devel-linux-x86_64-debian-clang
Version: 3.2.4
Check: installed package size
Result: NOTE
installed size is 5.7Mb
sub-directories of 1Mb or more:
libs 3.2Mb
Flavors: r-oldrel-macos-arm64, r-oldrel-macos-x86_64