Last updated on 2025-04-30 04:50:07 CEST.
Flavor | Version | Tinstall | Tcheck | Ttotal | Status | Flags |
---|---|---|---|---|---|---|
r-devel-linux-x86_64-debian-clang | 4.0.7 | 5.85 | 58.17 | 64.02 | OK | |
r-devel-linux-x86_64-debian-gcc | 4.0.7 | 4.51 | 43.85 | 48.36 | NOTE | |
r-devel-linux-x86_64-fedora-clang | 4.0.7 | 99.61 | OK | |||
r-devel-linux-x86_64-fedora-gcc | 4.0.7 | 109.15 | OK | |||
r-devel-windows-x86_64 | 4.0.7 | 9.00 | 86.00 | 95.00 | OK | |
r-patched-linux-x86_64 | 4.0.7 | 5.76 | 54.36 | 60.12 | OK | |
r-release-linux-x86_64 | 4.0.7 | 5.16 | 54.80 | 59.96 | OK | |
r-release-macos-arm64 | 4.0.7 | 82.00 | OK | |||
r-release-macos-x86_64 | 4.0.7 | 93.00 | OK | |||
r-release-windows-x86_64 | 4.0.7 | 9.00 | 86.00 | 95.00 | OK | |
r-oldrel-macos-arm64 | 4.0.7 | 59.00 | OK | |||
r-oldrel-macos-x86_64 | 4.0.7 | 88.00 | OK | |||
r-oldrel-windows-x86_64 | 4.0.7 | 9.00 | 94.00 | 103.00 | OK |
Version: 4.0.7
Check: examples
Result: NOTE
Examples with CPU (user + system) or elapsed time > 5s
user system elapsed
haploR-queryHaploreg 0.28 0.024 5.059
Flavor: r-devel-linux-x86_64-debian-gcc