CRAN Package Check Results for Package haplotypes

Last updated on 2025-04-30 04:50:07 CEST.

Flavor Version Tinstall Tcheck Ttotal Status Flags
r-devel-linux-x86_64-debian-clang 1.1.3.1 15.61 105.23 120.84 NOTE
r-devel-linux-x86_64-debian-gcc 1.1.3.1 10.20 72.92 83.12 NOTE
r-devel-linux-x86_64-fedora-clang 1.1.3.1 188.80 OK
r-devel-linux-x86_64-fedora-gcc 1.1.3.1 175.04 OK
r-devel-windows-x86_64 1.1.3.1 16.00 123.00 139.00 NOTE
r-patched-linux-x86_64 1.1.3.1 17.54 98.05 115.59 NOTE
r-release-linux-x86_64 1.1.3.1 14.54 97.08 111.62 NOTE
r-release-macos-arm64 1.1.3.1 61.00 OK
r-release-macos-x86_64 1.1.3.1 98.00 OK
r-release-windows-x86_64 1.1.3.1 17.00 120.00 137.00 NOTE
r-oldrel-macos-arm64 1.1.3.1 49.00 OK
r-oldrel-macos-x86_64 1.1.3.1 87.00 OK
r-oldrel-windows-x86_64 1.1.3.1 20.00 148.00 168.00 OK

Check Details

Version: 1.1.3.1
Check: CRAN incoming feasibility
Result: NOTE Maintainer: ‘Caner Aktas <caktas.aca@gmail.com>’ No Authors@R field in DESCRIPTION. Please add one, modifying Authors@R: person(given = "Caner", family = "Aktas", role = c("aut", "cre"), email = "caktas.aca@gmail.com") as necessary. Flavors: r-devel-linux-x86_64-debian-clang, r-devel-linux-x86_64-debian-gcc

Version: 1.1.3.1
Check: Rd cross-references
Result: NOTE Found the following Rd file(s) with Rd \link{} targets missing package anchors: Parsimnet-class.Rd: network, networx as.DNAbin-methods.Rd: DNAbin as.dna-methods.Rd: DNAbin, phyDat as.network-methods.Rd: network as.networx-methods.Rd: networx, as.splits as.phyDat-methods.Rd: phyDat parsimnet-methods.Rd: network pielegend-methods.Rd: floating.pie, plot.network.default pieplot-methods.Rd: network.layout, floating.pie, network.vertex, plot.network.default plot-methods.Rd: plot.network.default Please provide package anchors for all Rd \link{} targets not in the package itself and the base packages. Flavors: r-devel-linux-x86_64-debian-clang, r-devel-linux-x86_64-debian-gcc, r-devel-windows-x86_64, r-patched-linux-x86_64, r-release-linux-x86_64, r-release-windows-x86_64