Last updated on 2025-04-30 04:50:07 CEST.
Flavor | Version | Tinstall | Tcheck | Ttotal | Status | Flags |
---|---|---|---|---|---|---|
r-devel-linux-x86_64-debian-clang | 1.1.717 | 19.07 | 185.87 | 204.94 | NOTE | |
r-devel-linux-x86_64-debian-gcc | 1.1.717 | 15.97 | 127.04 | 143.01 | NOTE | |
r-devel-linux-x86_64-fedora-clang | 1.1.717 | 333.48 | OK | |||
r-devel-linux-x86_64-fedora-gcc | 1.1.717 | 311.24 | OK | |||
r-devel-windows-x86_64 | 1.1.717 | 23.00 | 186.00 | 209.00 | OK | |
r-patched-linux-x86_64 | 1.1.717 | 20.73 | 168.54 | 189.27 | OK | |
r-release-linux-x86_64 | 1.1.717 | 19.45 | 167.21 | 186.66 | OK | |
r-release-macos-arm64 | 1.1.717 | 73.00 | OK | |||
r-release-macos-x86_64 | 1.1.717 | 157.00 | OK | |||
r-release-windows-x86_64 | 1.1.717 | 22.00 | 190.00 | 212.00 | OK | |
r-oldrel-macos-arm64 | 1.1.717 | 84.00 | OK | |||
r-oldrel-macos-x86_64 | 1.1.717 | 164.00 | OK | |||
r-oldrel-windows-x86_64 | 1.1.717 | 29.00 | 236.00 | 265.00 | OK |
Version: 1.1.717
Check: DESCRIPTION meta-information
Result: NOTE
Author field differs from that derived from Authors@R
Author: ‘Eduardo Ogasawara [aut, ths, cre] (<https://orcid.org/0000-0002-0466-0626>), Antonio Castro [aut], Antonio Mello [aut], Ellen Paixão [aut], Fernando Fraga [aut], Heraldo Borges [aut], Janio Lima [aut], Jessica Souza [aut], Lais Baroni [aut], Lucas Tavares [aut], Rebecca Salles [aut], Diego Carvalho [aut], Eduardo Bezerra [aut], Rafaelli Coutinho [aut], Esther Pacitti [aut], Fabio Porto [aut], CEFET/RJ [cph] (Federal Center for Technological Education of Rio de Janeiro)’
Authors@R: ‘Eduardo Ogasawara [aut, ths, cre] (ORCID: <https://orcid.org/0000-0002-0466-0626>), Antonio Castro [aut], Antonio Mello [aut], Ellen Paixão [aut], Fernando Fraga [aut], Heraldo Borges [aut], Janio Lima [aut], Jessica Souza [aut], Lais Baroni [aut], Lucas Tavares [aut], Rebecca Salles [aut], Diego Carvalho [aut], Eduardo Bezerra [aut], Rafaelli Coutinho [aut], Esther Pacitti [aut], Fabio Porto [aut], CEFET/RJ [cph] (organization: Federal Center for Technological Education of Rio de Janeiro)’
Flavors: r-devel-linux-x86_64-debian-clang, r-devel-linux-x86_64-debian-gcc