Last updated on 2025-04-30 04:50:07 CEST.
Flavor | Version | Tinstall | Tcheck | Ttotal | Status | Flags |
---|---|---|---|---|---|---|
r-devel-linux-x86_64-debian-clang | 3.0.1 | 1.75 | 41.15 | 42.90 | NOTE | |
r-devel-linux-x86_64-debian-gcc | 3.0.1 | 1.61 | 30.97 | 32.58 | NOTE | |
r-devel-linux-x86_64-fedora-clang | 3.0.1 | 67.94 | OK | |||
r-devel-linux-x86_64-fedora-gcc | 3.0.1 | 78.43 | OK | |||
r-devel-windows-x86_64 | 3.0.1 | 3.00 | 70.00 | 73.00 | OK | |
r-patched-linux-x86_64 | 3.0.1 | 2.01 | 39.99 | 42.00 | OK | |
r-release-linux-x86_64 | 3.0.1 | 1.75 | 39.82 | 41.57 | OK | |
r-release-macos-arm64 | 3.0.1 | 32.00 | OK | |||
r-release-macos-x86_64 | 3.0.1 | 67.00 | OK | |||
r-release-windows-x86_64 | 3.0.1 | 3.00 | 73.00 | 76.00 | OK | |
r-oldrel-macos-arm64 | 3.0.1 | 33.00 | OK | |||
r-oldrel-macos-x86_64 | 3.0.1 | 52.00 | OK | |||
r-oldrel-windows-x86_64 | 3.0.1 | 4.00 | 73.00 | 77.00 | OK |
Version: 3.0.1
Check: CRAN incoming feasibility
Result: NOTE
Maintainer: ‘Daniel Wilson <hmp.R.package@gmail.com>’
No Authors@R field in DESCRIPTION.
Please add one, modifying
Authors@R: c(person(given = c("Daniel", "J."),
family = "Wilson",
role = "aut"),
person(given = "Daniel",
family = "Wilson",
role = "cre",
email = "hmp.R.package@gmail.com"))
as necessary.
Flavors: r-devel-linux-x86_64-debian-clang, r-devel-linux-x86_64-debian-gcc
Version: 3.0.1
Check: examples
Result: NOTE
Examples with CPU (user + system) or elapsed time > 5s
user system elapsed
pharmonicmeanp 8.468 0.213 11.666
Flavor: r-devel-linux-x86_64-debian-clang
Version: 3.0.1
Check: examples
Result: NOTE
Examples with CPU (user + system) or elapsed time > 5s
user system elapsed
pharmonicmeanp 4.509 0.091 5.298
Flavor: r-devel-linux-x86_64-debian-gcc