Last updated on 2025-02-21 03:52:14 CET.
Flavor | Version | Tinstall | Tcheck | Ttotal | Status | Flags |
---|---|---|---|---|---|---|
r-devel-linux-x86_64-debian-clang | 1.2.3 | 46.67 | 164.50 | 211.17 | OK | |
r-devel-linux-x86_64-debian-gcc | 1.2.3 | 36.20 | 124.40 | 160.60 | OK | |
r-devel-linux-x86_64-fedora-clang | 1.2.3 | 390.34 | OK | |||
r-devel-linux-x86_64-fedora-gcc | 1.2.3 | 398.88 | OK | |||
r-devel-macos-arm64 | 1.2.3 | 105.00 | OK | |||
r-devel-macos-x86_64 | 1.2.3 | 188.00 | OK | |||
r-devel-windows-x86_64 | 1.2.3 | 59.00 | 188.00 | 247.00 | OK | |
r-patched-linux-x86_64 | 1.2.3 | 52.96 | 163.78 | 216.74 | OK | |
r-release-linux-x86_64 | 1.2.3 | 54.69 | 160.08 | 214.77 | OK | |
r-release-macos-arm64 | 1.2.3 | 111.00 | NOTE | |||
r-release-macos-x86_64 | 1.2.3 | 190.00 | NOTE | |||
r-release-windows-x86_64 | 1.2.3 | 57.00 | 192.00 | 249.00 | NOTE | |
r-oldrel-macos-arm64 | 1.2.3 | 103.00 | NOTE | |||
r-oldrel-macos-x86_64 | 1.2.3 | 180.00 | NOTE | |||
r-oldrel-windows-x86_64 | 1.2.3 | 71.00 | 236.00 | 307.00 | NOTE |
Version: 1.2.3
Check: installed package size
Result: NOTE
installed size is 11.7Mb
sub-directories of 1Mb or more:
data 2.9Mb
doc 2.4Mb
libs 6.2Mb
Flavors: r-release-macos-arm64, r-release-macos-x86_64, r-release-windows-x86_64, r-oldrel-macos-arm64, r-oldrel-macos-x86_64, r-oldrel-windows-x86_64