Last updated on 2025-07-05 04:50:16 CEST.
Flavor | Version | Tinstall | Tcheck | Ttotal | Status | Flags |
---|---|---|---|---|---|---|
r-devel-linux-x86_64-debian-clang | 1.0.3 | 98.47 | 84.99 | 183.46 | NOTE | |
r-devel-linux-x86_64-debian-gcc | 1.0.3 | 71.03 | 57.92 | 128.95 | NOTE | |
r-devel-linux-x86_64-fedora-clang | 1.0.3 | 326.73 | OK | |||
r-devel-linux-x86_64-fedora-gcc | 1.0.3 | 331.87 | OK | |||
r-devel-windows-x86_64 | 1.0.3 | 108.00 | 126.00 | 234.00 | OK | |
r-patched-linux-x86_64 | 1.0.3 | 104.76 | 80.41 | 185.17 | OK | |
r-release-linux-x86_64 | 1.0.3 | 100.91 | 78.59 | 179.50 | OK | |
r-release-macos-arm64 | 1.0.3 | 112.00 | OK | |||
r-release-macos-x86_64 | 1.0.3 | 123.00 | OK | |||
r-release-windows-x86_64 | 1.0.3 | 111.00 | 134.00 | 245.00 | OK | |
r-oldrel-macos-arm64 | 1.0.3 | 83.00 | NOTE | |||
r-oldrel-macos-x86_64 | 1.0.3 | 96.00 | NOTE | |||
r-oldrel-windows-x86_64 | 1.0.3 | 133.00 | 160.00 | 293.00 | OK |
Version: 1.0.3
Check: CRAN incoming feasibility
Result: NOTE
Maintainer: ‘Felix Cheysson <felix@cheysson.fr>’
The Description field contains
<arXiv:2003.04314>. Some general use functions for Hawkes processes are
Please refer to arXiv e-prints via their arXiv DOI <doi:10.48550/arXiv.YYMM.NNNNN>.
Flavors: r-devel-linux-x86_64-debian-clang, r-devel-linux-x86_64-debian-gcc
Version: 1.0.3
Check: installed package size
Result: NOTE
installed size is 11.9Mb
sub-directories of 1Mb or more:
libs 11.4Mb
Flavors: r-oldrel-macos-arm64, r-oldrel-macos-x86_64