Last updated on 2025-04-30 04:50:08 CEST.
Flavor | Version | Tinstall | Tcheck | Ttotal | Status | Flags |
---|---|---|---|---|---|---|
r-devel-linux-x86_64-debian-clang | 0.1.0 | 7.17 | 61.19 | 68.36 | NOTE | |
r-devel-linux-x86_64-debian-gcc | 0.1.0 | 4.54 | 41.70 | 46.24 | OK | |
r-devel-linux-x86_64-fedora-clang | 0.1.0 | 101.77 | OK | |||
r-devel-linux-x86_64-fedora-gcc | 0.1.0 | 93.40 | OK | |||
r-devel-windows-x86_64 | 0.1.0 | 9.00 | 75.00 | 84.00 | OK | |
r-patched-linux-x86_64 | 0.1.0 | 8.21 | 57.27 | 65.48 | OK | |
r-release-linux-x86_64 | 0.1.0 | 6.33 | 56.94 | 63.27 | OK | |
r-release-macos-arm64 | 0.1.0 | 32.00 | OK | |||
r-release-macos-x86_64 | 0.1.0 | 60.00 | OK | |||
r-release-windows-x86_64 | 0.1.0 | 9.00 | 72.00 | 81.00 | OK | |
r-oldrel-macos-arm64 | 0.1.0 | 45.00 | OK | |||
r-oldrel-macos-x86_64 | 0.1.0 | 67.00 | OK | |||
r-oldrel-windows-x86_64 | 0.1.0 | 11.00 | 88.00 | 99.00 | OK |
Version: 0.1.0
Check: examples
Result: NOTE
Examples with CPU (user + system) or elapsed time > 5s
user system elapsed
hdMTD_CUT 4.215 0.043 5.919
Flavor: r-devel-linux-x86_64-debian-clang