CRAN Package Check Results for Package hdbayes

Last updated on 2025-04-30 04:50:07 CEST.

Flavor Version Tinstall Tcheck Ttotal Status Flags
r-devel-linux-x86_64-debian-clang 0.1.1 16.37 107.13 123.50 OK
r-devel-linux-x86_64-debian-gcc 0.1.1 9.98 73.12 83.10 OK
r-devel-linux-x86_64-fedora-clang 0.1.1 194.56 OK
r-devel-linux-x86_64-fedora-gcc 0.1.1 200.02 OK
r-devel-windows-x86_64 0.1.1 17.00 115.00 132.00 OK
r-patched-linux-x86_64 0.1.1 16.01 97.53 113.54 OK
r-release-linux-x86_64 0.1.1 13.97 99.43 113.40 OK
r-release-macos-arm64 0.1.1 78.00 OK
r-release-macos-x86_64 0.1.1 135.00 OK
r-release-windows-x86_64 0.1.1 18.00 111.00 129.00 OK
r-oldrel-macos-arm64 0.1.1 66.00 NOTE
r-oldrel-macos-x86_64 0.1.1 178.00 NOTE
r-oldrel-windows-x86_64 0.1.1 20.00 138.00 158.00 NOTE

Check Details

Version: 0.1.1
Check: package dependencies
Result: NOTE Package suggested but not available for checking: ‘cmdstanr’ Flavors: r-oldrel-macos-arm64, r-oldrel-macos-x86_64, r-oldrel-windows-x86_64