Last updated on 2025-04-30 04:50:07 CEST.
Flavor | Version | Tinstall | Tcheck | Ttotal | Status | Flags |
---|---|---|---|---|---|---|
r-devel-linux-x86_64-debian-clang | 1.0.2 | 18.23 | 35.06 | 53.29 | NOTE | |
r-devel-linux-x86_64-debian-gcc | 1.0.2 | 14.25 | 25.40 | 39.65 | NOTE | |
r-devel-linux-x86_64-fedora-clang | 1.0.2 | 93.67 | OK | |||
r-devel-linux-x86_64-fedora-gcc | 1.0.2 | 88.38 | OK | |||
r-devel-windows-x86_64 | 1.0.2 | 24.00 | 82.00 | 106.00 | NOTE | |
r-patched-linux-x86_64 | 1.0.2 | 20.93 | 33.70 | 54.63 | NOTE | |
r-release-linux-x86_64 | 1.0.2 | 19.58 | 33.28 | 52.86 | NOTE | |
r-release-macos-arm64 | 1.0.2 | 31.00 | OK | |||
r-release-macos-x86_64 | 1.0.2 | 71.00 | OK | |||
r-release-windows-x86_64 | 1.0.2 | 23.00 | 78.00 | 101.00 | NOTE | |
r-oldrel-macos-arm64 | 1.0.2 | 29.00 | OK | |||
r-oldrel-macos-x86_64 | 1.0.2 | 53.00 | OK | |||
r-oldrel-windows-x86_64 | 1.0.2 | 26.00 | 91.00 | 117.00 | OK |
Version: 1.0.2
Check: Rd cross-references
Result: NOTE
Found the following Rd file(s) with Rd \link{} targets missing package
anchors:
dcbs.alg.Rd: foreach
sbs.alg.Rd: foreach
Please provide package anchors for all Rd \link{} targets not in the
package itself and the base packages.
Flavors: r-devel-linux-x86_64-debian-clang, r-devel-linux-x86_64-debian-gcc, r-devel-windows-x86_64, r-patched-linux-x86_64, r-release-linux-x86_64, r-release-windows-x86_64
Version: 1.0.2
Check: examples
Result: NOTE
Examples with CPU (user + system) or elapsed time > 5s
user system elapsed
dcbs.alg 5.143 0 6.153
Flavor: r-devel-linux-x86_64-debian-clang