Last updated on 2025-04-30 04:50:08 CEST.
Flavor | Version | Tinstall | Tcheck | Ttotal | Status | Flags |
---|---|---|---|---|---|---|
r-devel-linux-x86_64-debian-clang | 0.0.1 | 16.99 | 235.85 | 252.84 | NOTE | |
r-devel-linux-x86_64-debian-gcc | 0.0.1 | 12.56 | 143.11 | 155.67 | NOTE | |
r-devel-linux-x86_64-fedora-clang | 0.0.1 | 387.26 | OK | |||
r-devel-linux-x86_64-fedora-gcc | 0.0.1 | 373.80 | OK | |||
r-devel-windows-x86_64 | 0.0.1 | 18.00 | 239.00 | 257.00 | NOTE | |
r-patched-linux-x86_64 | 0.0.1 | 17.91 | 219.97 | 237.88 | NOTE | |
r-release-linux-x86_64 | 0.0.1 | 17.39 | 228.66 | 246.05 | NOTE | |
r-release-macos-arm64 | 0.0.1 | 122.00 | OK | |||
r-release-macos-x86_64 | 0.0.1 | 200.00 | OK | |||
r-release-windows-x86_64 | 0.0.1 | 19.00 | 225.00 | 244.00 | NOTE | |
r-oldrel-macos-arm64 | 0.0.1 | 77.00 | OK | |||
r-oldrel-macos-x86_64 | 0.0.1 | 153.00 | OK | |||
r-oldrel-windows-x86_64 | 0.0.1 | 23.00 | 288.00 | 311.00 | OK |
Version: 0.0.1
Check: Rd cross-references
Result: NOTE
Found the following Rd file(s) with Rd \link{} targets missing package
anchors:
cure_estimate.Rd: survfit
nonzerocure_test.Rd: survfit
sufficient_fu_test.Rd: survfit
Please provide package anchors for all Rd \link{} targets not in the
package itself and the base packages.
Flavors: r-devel-linux-x86_64-debian-clang, r-devel-linux-x86_64-debian-gcc, r-devel-windows-x86_64, r-patched-linux-x86_64, r-release-linux-x86_64, r-release-windows-x86_64
Version: 0.0.1
Check: examples
Result: NOTE
Examples with CPU (user + system) or elapsed time > 5s
user system elapsed
cv_curegmifs 13.286 0.031 16.135
cv_cureem 12.524 0.055 14.691
AUC 7.686 0.045 8.727
print.mixturecure 7.370 0.028 9.763
concordance_mcm 7.318 0.015 8.877
curegmifs 7.192 0.020 8.515
summary.mixturecure 7.158 0.004 8.922
coef.mixturecure 7.028 0.115 9.212
predict.mixturecure 7.109 0.003 9.042
plot.mixturecure 6.928 0.012 8.976
Flavor: r-devel-linux-x86_64-debian-clang
Version: 0.0.1
Check: examples
Result: NOTE
Examples with CPU (user + system) or elapsed time > 5s
user system elapsed
cv_curegmifs 7.306 0.037 7.998
cv_cureem 7.231 0.082 8.516
summary.mixturecure 3.533 0.012 5.166
Flavor: r-devel-linux-x86_64-debian-gcc