Last updated on 2025-04-30 04:50:08 CEST.
Flavor | Version | Tinstall | Tcheck | Ttotal | Status | Flags |
---|---|---|---|---|---|---|
r-devel-linux-x86_64-debian-clang | 0.6.0 | 20.27 | 199.45 | 219.72 | NOTE | |
r-devel-linux-x86_64-debian-gcc | 0.6.0 | 14.06 | 125.97 | 140.03 | NOTE | |
r-devel-linux-x86_64-fedora-clang | 0.6.0 | 349.27 | OK | |||
r-devel-linux-x86_64-fedora-gcc | 0.6.0 | 360.40 | OK | |||
r-devel-windows-x86_64 | 0.6.0 | 26.00 | 212.00 | 238.00 | OK | |
r-patched-linux-x86_64 | 0.6.0 | 19.75 | 197.98 | 217.73 | OK | |
r-release-linux-x86_64 | 0.6.0 | 20.51 | 199.86 | 220.37 | OK | |
r-release-macos-arm64 | 0.6.0 | 122.00 | OK | |||
r-release-macos-x86_64 | 0.6.0 | 197.00 | OK | |||
r-release-windows-x86_64 | 0.6.0 | 28.00 | 211.00 | 239.00 | OK | |
r-oldrel-macos-arm64 | 0.6.0 | 109.00 | OK | |||
r-oldrel-macos-x86_64 | 0.6.0 | 174.00 | OK | |||
r-oldrel-windows-x86_64 | 0.6.0 | 29.00 | 289.00 | 318.00 | OK |
Version: 0.6.0
Check: examples
Result: NOTE
Examples with CPU (user + system) or elapsed time > 5s
user system elapsed
corrected_lasso 6.451 0.231 9.282
Flavor: r-devel-linux-x86_64-debian-clang
Version: 0.6.0
Check: examples
Result: NOTE
Examples with CPU (user + system) or elapsed time > 5s
user system elapsed
corrected_lasso 3.8 0.233 5.249
Flavor: r-devel-linux-x86_64-debian-gcc