Last updated on 2025-04-30 04:50:08 CEST.
Flavor | Version | Tinstall | Tcheck | Ttotal | Status | Flags |
---|---|---|---|---|---|---|
r-devel-linux-x86_64-debian-clang | 1.0.1 | 16.08 | 132.71 | 148.79 | NOTE | |
r-devel-linux-x86_64-debian-gcc | 1.0.1 | 11.31 | 85.84 | 97.15 | NOTE | |
r-devel-linux-x86_64-fedora-clang | 1.0.1 | 230.10 | NOTE | |||
r-devel-linux-x86_64-fedora-gcc | 1.0.1 | 204.00 | NOTE | |||
r-devel-windows-x86_64 | 1.0.1 | 16.00 | 126.00 | 142.00 | NOTE | |
r-patched-linux-x86_64 | 1.0.1 | 16.20 | 121.31 | 137.51 | NOTE | |
r-release-linux-x86_64 | 1.0.1 | 14.81 | 123.56 | 138.37 | NOTE | |
r-release-macos-arm64 | 1.0.1 | 55.00 | NOTE | |||
r-release-macos-x86_64 | 1.0.1 | 101.00 | NOTE | |||
r-release-windows-x86_64 | 1.0.1 | 16.00 | 123.00 | 139.00 | NOTE | |
r-oldrel-macos-arm64 | 1.0.1 | 54.00 | OK | |||
r-oldrel-macos-x86_64 | 1.0.1 | 88.00 | OK | |||
r-oldrel-windows-x86_64 | 1.0.1 | 23.00 | 156.00 | 179.00 | OK |
Version: 1.0.1
Check: DESCRIPTION meta-information
Result: NOTE
Missing dependency on R >= 4.1.0 because package code uses the pipe
|> or function shorthand \(...) syntax added in R 4.1.0.
File(s) using such syntax:
‘lvma_utils.R’
Flavors: r-devel-linux-x86_64-debian-clang, r-devel-linux-x86_64-debian-gcc, r-devel-linux-x86_64-fedora-clang, r-devel-linux-x86_64-fedora-gcc, r-devel-windows-x86_64, r-patched-linux-x86_64, r-release-linux-x86_64, r-release-macos-arm64, r-release-macos-x86_64, r-release-windows-x86_64
Version: 1.0.1
Check: Rd cross-references
Result: NOTE
Found the following Rd file(s) with Rd \link{} targets missing package
anchors:
mediate_hdmm.Rd: mediate
mediate_hima.Rd: hdi
Please provide package anchors for all Rd \link{} targets not in the
package itself and the base packages.
Flavors: r-devel-linux-x86_64-debian-clang, r-devel-linux-x86_64-debian-gcc, r-devel-windows-x86_64, r-patched-linux-x86_64, r-release-linux-x86_64, r-release-windows-x86_64
Version: 1.0.1
Check: examples
Result: NOTE
Examples with CPU (user + system) or elapsed time > 5s
user system elapsed
mediate_lvma 6.24 0.138 6.956
Flavor: r-devel-linux-x86_64-debian-clang