Last updated on 2025-04-30 04:50:08 CEST.
Flavor | Version | Tinstall | Tcheck | Ttotal | Status | Flags |
---|---|---|---|---|---|---|
r-devel-linux-x86_64-debian-clang | 6.0.4 | 17.99 | 186.52 | 204.51 | NOTE | |
r-devel-linux-x86_64-debian-gcc | 6.0.4 | 12.73 | 127.67 | 140.40 | OK | |
r-devel-linux-x86_64-fedora-clang | 6.0.4 | 284.63 | OK | |||
r-devel-linux-x86_64-fedora-gcc | 6.0.4 | 293.61 | OK | |||
r-devel-windows-x86_64 | 6.0.4 | 22.00 | 191.00 | 213.00 | OK | |
r-patched-linux-x86_64 | 6.0.4 | 18.91 | 172.41 | 191.32 | OK | |
r-release-linux-x86_64 | 6.0.4 | 15.83 | 170.55 | 186.38 | OK | |
r-release-macos-arm64 | 6.0.4 | 111.00 | OK | |||
r-release-macos-x86_64 | 6.0.4 | 167.00 | OK | |||
r-release-windows-x86_64 | 6.0.4 | 23.00 | 185.00 | 208.00 | OK | |
r-oldrel-macos-arm64 | 6.0.4 | 94.00 | OK | |||
r-oldrel-macos-x86_64 | 6.0.4 | 203.00 | OK | |||
r-oldrel-windows-x86_64 | 6.0.4 | 29.00 | 234.00 | 263.00 | OK |
Version: 6.0.4
Check: examples
Result: NOTE
Examples with CPU (user + system) or elapsed time > 5s
user system elapsed
compare_by_calibrate 4.304 0.19 5.015
Flavor: r-devel-linux-x86_64-debian-clang