Last updated on 2025-04-30 04:50:08 CEST.
Flavor | Version | Tinstall | Tcheck | Ttotal | Status | Flags |
---|---|---|---|---|---|---|
r-devel-linux-x86_64-debian-clang | 1.0.1 | 9.28 | 110.14 | 119.42 | NOTE | |
r-devel-linux-x86_64-debian-gcc | 1.0.1 | 6.75 | 84.80 | 91.55 | NOTE | |
r-devel-linux-x86_64-fedora-clang | 1.0.1 | 190.82 | OK | |||
r-devel-linux-x86_64-fedora-gcc | 1.0.1 | 222.10 | OK | |||
r-devel-windows-x86_64 | 1.0.1 | 12.00 | 126.00 | 138.00 | OK | |
r-patched-linux-x86_64 | 1.0.1 | 9.12 | 117.72 | 126.84 | OK | |
r-release-linux-x86_64 | 1.0.1 | 8.44 | 118.15 | 126.59 | OK | |
r-release-macos-arm64 | 1.0.1 | 108.00 | OK | |||
r-release-macos-x86_64 | 1.0.1 | 172.00 | OK | |||
r-release-windows-x86_64 | 1.0.1 | 12.00 | 125.00 | 137.00 | OK | |
r-oldrel-macos-arm64 | 1.0.1 | 73.00 | OK | |||
r-oldrel-macos-x86_64 | 1.0.1 | 183.00 | OK | |||
r-oldrel-windows-x86_64 | 1.0.1 | 14.00 | 148.00 | 162.00 | OK |
Version: 1.0.1
Check: examples
Result: NOTE
Examples with CPU (user + system) or elapsed time > 5s
user system elapsed
nc.hdqr 4.261 0.015 6.545
Flavor: r-devel-linux-x86_64-debian-clang
Version: 1.0.1
Check: examples
Result: NOTE
Examples with CPU (user + system) or elapsed time > 5s
user system elapsed
coef.nc.hdqr 3.624 0.007 5.312
predict.nc.hdqr 3.450 0.004 5.125
Flavor: r-devel-linux-x86_64-debian-gcc