CRAN Package Check Results for Package healthfinance

Last updated on 2025-04-30 04:50:08 CEST.

Flavor Version Tinstall Tcheck Ttotal Status Flags
r-devel-linux-x86_64-debian-clang 0.1.0 7.37 62.46 69.83 OK
r-devel-linux-x86_64-debian-gcc 0.1.0 5.57 43.04 48.61 OK
r-devel-linux-x86_64-fedora-clang 0.1.0 90.41 OK
r-devel-linux-x86_64-fedora-gcc 0.1.0 89.17 OK
r-devel-windows-x86_64 0.1.0 9.00 73.00 82.00 OK
r-patched-linux-x86_64 0.1.0 5.10 55.88 60.98 OK
r-release-linux-x86_64 0.1.0 7.11 56.19 63.30 OK
r-release-macos-arm64 0.1.0 29.00 OK
r-release-macos-x86_64 0.1.0 63.00 OK
r-release-windows-x86_64 0.1.0 10.00 69.00 79.00 OK
r-oldrel-macos-arm64 0.1.0 30.00 NOTE
r-oldrel-macos-x86_64 0.1.0 63.00 NOTE
r-oldrel-windows-x86_64 0.1.0 12.00 84.00 96.00 NOTE

Check Details

Version: 0.1.0
Check: LazyData
Result: NOTE 'LazyData' is specified without a 'data' directory Flavors: r-oldrel-macos-arm64, r-oldrel-macos-x86_64, r-oldrel-windows-x86_64