CRAN Package Check Results for Package healthyAddress

Last updated on 2025-04-30 04:50:08 CEST.

Flavor Version Tinstall Tcheck Ttotal Status Flags
r-devel-linux-x86_64-debian-clang 0.4.5 13.68 60.67 74.35 NOTE
r-devel-linux-x86_64-debian-gcc 0.4.5 9.39 49.91 59.30 NOTE
r-devel-linux-x86_64-fedora-clang 0.4.5 110.07 NOTE
r-devel-linux-x86_64-fedora-gcc 0.4.5 106.06 NOTE
r-devel-windows-x86_64 0.4.5 21.00 100.00 121.00 NOTE
r-patched-linux-x86_64 0.4.5 11.94 55.65 67.59 NOTE
r-release-linux-x86_64 0.4.5 10.34 55.98 66.32 NOTE
r-release-macos-arm64 0.4.5 66.00 NOTE
r-release-macos-x86_64 0.4.5 98.00 NOTE
r-release-windows-x86_64 0.4.5 22.00 94.00 116.00 NOTE
r-oldrel-macos-arm64 0.4.5 41.00 OK
r-oldrel-macos-x86_64 0.4.5 115.00 OK
r-oldrel-windows-x86_64 0.4.5 24.00 108.00 132.00 OK

Check Details

Version: 0.4.5
Check: DESCRIPTION meta-information
Result: NOTE Missing dependency on R >= 4.1.0 because package code uses the pipe |> or function shorthand \(...) syntax added in R 4.1.0. File(s) using such syntax: ‘the_XXX.R’ Flavors: r-devel-linux-x86_64-debian-clang, r-devel-linux-x86_64-debian-gcc, r-devel-linux-x86_64-fedora-clang, r-devel-linux-x86_64-fedora-gcc, r-devel-windows-x86_64, r-patched-linux-x86_64, r-release-linux-x86_64, r-release-macos-arm64, r-release-macos-x86_64, r-release-windows-x86_64