CRAN Package Check Results for Package healthyR.data

Last updated on 2025-04-30 04:50:08 CEST.

Flavor Version Tinstall Tcheck Ttotal Status Flags
r-devel-linux-x86_64-debian-clang 1.2.0 20.03 35.29 55.32 OK
r-devel-linux-x86_64-debian-gcc 1.2.0 16.88 28.06 44.94 OK
r-devel-linux-x86_64-fedora-clang 1.2.0 91.42 OK
r-devel-linux-x86_64-fedora-gcc 1.2.0 84.33 OK
r-devel-windows-x86_64 1.2.0 22.00 62.00 84.00 OK
r-patched-linux-x86_64 1.2.0 22.57 33.26 55.83 OK
r-release-linux-x86_64 1.2.0 18.30 33.55 51.85 OK
r-release-macos-arm64 1.2.0 49.00 OK
r-release-macos-x86_64 1.2.0 75.00 OK
r-release-windows-x86_64 1.2.0 21.00 60.00 81.00 OK
r-oldrel-macos-arm64 1.2.0 44.00 NOTE
r-oldrel-macos-x86_64 1.2.0 108.00 NOTE
r-oldrel-windows-x86_64 1.2.0 28.00 68.00 96.00 OK

Check Details

Version: 1.2.0
Check: installed package size
Result: NOTE installed size is 5.2Mb sub-directories of 1Mb or more: data 4.9Mb Flavors: r-oldrel-macos-arm64, r-oldrel-macos-x86_64