Last updated on 2025-04-30 04:50:08 CEST.
Flavor | Version | Tinstall | Tcheck | Ttotal | Status | Flags |
---|---|---|---|---|---|---|
r-devel-linux-x86_64-debian-clang | 0.5.4 | 26.64 | 392.71 | 419.35 | NOTE | |
r-devel-linux-x86_64-debian-gcc | 0.5.4 | 16.58 | 253.90 | 270.48 | OK | |
r-devel-linux-x86_64-fedora-clang | 0.5.4 | 578.83 | OK | |||
r-devel-linux-x86_64-fedora-gcc | 0.5.4 | 521.58 | OK | |||
r-devel-windows-x86_64 | 0.5.4 | 30.00 | 405.00 | 435.00 | OK | |
r-patched-linux-x86_64 | 0.5.4 | 23.45 | 315.06 | 338.51 | OK | |
r-release-linux-x86_64 | 0.5.4 | 26.55 | 314.57 | 341.12 | OK | |
r-release-macos-arm64 | 0.5.4 | 150.00 | OK | |||
r-release-macos-x86_64 | 0.5.4 | 402.00 | OK | |||
r-release-windows-x86_64 | 0.5.4 | 32.00 | 400.00 | 432.00 | OK | |
r-oldrel-macos-arm64 | 0.5.4 | 151.00 | OK | |||
r-oldrel-macos-x86_64 | 0.5.4 | 377.00 | OK | |||
r-oldrel-windows-x86_64 | 0.5.4 | 35.00 | 513.00 | 548.00 | OK |
Version: 0.5.4
Check: examples
Result: NOTE
Examples with CPU (user + system) or elapsed time > 5s
user system elapsed
detect_event 4.962 0.045 6.702
Flavor: r-devel-linux-x86_64-debian-clang